{"id":1652,"date":"2021-02-05T16:01:00","date_gmt":"2021-02-05T19:01:00","guid":{"rendered":"https:\/\/ipesco-scr.infd.edu.ar\/sitio\/tipos-de-formulario-de-inscripcion\/"},"modified":"2021-11-29T18:24:51","modified_gmt":"2021-11-29T21:24:51","slug":"tipos-de-formulario-de-inscripcion","status":"publish","type":"page","link":"https:\/\/ipesco-scr.infd.edu.ar\/sitio\/tipos-de-formulario-de-inscripcion\/","title":{"rendered":"Formularios de inscripci\u00f3n"},"content":{"rendered":"\n<p>El <strong><span class=\"has-inline-color has-vivid-cyan-blue-color\">R\u00c9GIMEN ACAD\u00c9MICO MARCO<\/span><\/strong> (RAM) Acuerdo CPE N\u00b0 248\/10 se desarroll\u00f3 en el marco de los fines y objetivos de la Pol\u00edtica Nacional y Provincial, garantizando a todos los interesados, el ingreso, permanencia y el pertinente egreso de la Educaci\u00f3n Superior.<\/p>\n\n\n\n<p>En su<strong> <span class=\"has-inline-color has-vivid-cyan-blue-color\">Cap\u00edtulo II: Del Ingreso e Inscripciones<\/span><\/strong>, especifica qui\u00e9nes podr\u00e1n ingresar como alumnos a los Institutos de Educaci\u00f3n Superior.<\/p>\n\n\n\n<p>A continuaci\u00f3n se presentan las caracter\u00edsticas de cada una de las posibilidades de INGRESO AL IPES-CO.  Cualquiera sea su caso, deber\u00e1 DESCARGAR EL FORMULARIO DE INSCRIPCI\u00d3N correspondiente, en formato PDF, imprimirlo en hoja tama\u00f1o legal\/oficio y completar toda la informaci\u00f3n solicitada en letra imprenta para su presentaci\u00f3n junto al resto de la documentaci\u00f3n requerida.<\/p>\n\n\n\n<div class=\"wp-block-columns is-layout-flex wp-container-7\">\n<div class=\"wp-block-column is-layout-flow\" style=\"flex-basis:100%\">\n<div class=\"wp-block-columns is-layout-flex wp-container-5\">\n<div class=\"wp-block-column is-layout-flow\" style=\"flex-basis:100%\">\n<div class=\"wp-block-columns is-layout-flex wp-container-3\">\n<div class=\"wp-block-column is-layout-flow\" style=\"flex-basis:100%\">\n<div class=\"wp-block-group has-pale-cyan-blue-background-color has-background\"><div class=\"wp-block-group__inner-container is-layout-flow\">\n<figure class=\"wp-block-table is-style-stripes\"><table class=\"has-subtle-pale-blue-background-color has-fixed-layout has-background\"><tbody><tr><td> <h3 style=\"margin-top: 0px; margin-bottom: 0px; padding-bottom: 0px; text-align: right;\"><span style=\"font-family: 'arial black', 'avant garde';\"><span class=\"has-inline-color has-vivid-red-color\">Alumno regular <\/span>(<a title=\"Ficha Inscripci\u00f3n Alumno Regular\" rel=\"noopener\" href=\"upload\/Inscripcion_Regular_1.pdf\" target=\"_blank\">DESCARGAR<\/a>)<\/span><\/h3> <\/td><\/tr><tr><td>&nbsp;<\/td><td><br><em><strong>Art\u00edculo 1\u00b0:<\/strong> Podr\u00e1n ingresar como alumnos a los Institutos de Educaci\u00f3n Superior, quienes acrediten la aprobaci\u00f3n del Nivel Secundario o Polimodal en cualquiera de sus modalidades o un t\u00edtulo superior.<\/em><br><\/td><\/tr><tr><td> <h3 style=\"margin-top: 0px; margin-bottom: 0px; padding-bottom: 0px; text-align: right;\"><span style=\"font-family: 'arial black', 'avant garde';\"><span class=\"has-inline-color has-vivid-red-color\">Alumno condicional<\/span> (<a title=\"Ficha Inscripci\u00f3n Alumno Condicional\" rel=\"noopener\" href=\"upload\/Inscripcion_Condicional_2.pdf\" target=\"_blank\">DESCARGAR<\/a>)<\/span><\/h3> <\/td><\/tr><tr><td>&nbsp;<\/td><td> <p style=\"text-align: right;\"><em><strong>Art\u00edculo 2\u00b0:<\/strong> Podr\u00e1n ingresar como alumnos condicionales a los Institutos de Educaci\u00f3n Superior quienes adeuden espacios curriculares del Nivel Secundario o Polimodal, debiendo aprobar dichos espacios al finalizar la primera instancia complementaria para la acreditaci\u00f3n en el ciclo lectivo inscripto. &nbsp;<\/em><\/p> <p style=\"text-align: right;\">(No deber\u00e1 adeudar materias al 31\/07\/22).<\/p><\/td><\/tr><tr><td> <h3 style=\"margin-top: 0px; margin-bottom: 0px; padding-bottom: 0px; text-align: right;\"><span style=\"font-family: 'arial black', 'avant garde';\"><span class=\"has-inline-color has-vivid-red-color\">Ingresante por Art\u00edculo 7\u00b0<\/span> (<a title=\"Ficha Inscripci\u00f3n Ingresante Art\u00edculo 7\u00b0\" rel=\"noopener\" href=\"upload\/Inscripcion_Articulo_7_3.pdf\" target=\"_blank\">DESCARGAR<\/a>)<\/span><\/h3> <\/td><\/tr><tr><td>&nbsp;<\/td><td><em><strong>Art\u00edculo 3\u00b0:<\/strong> En concordancia con las leyes nacionales vigentes sobre la materia, los mayores de 25 a\u00f1os que no hayan finalizado los estudios de Nivel Secundario\/Polimodal podr\u00e1n ingresar siempre que demuestren, a trav\u00e9s de una evaluaci\u00f3n al efecto, que tienen la preparaci\u00f3n acad\u00e9mica y\/o experiencia laboral acorde con los estudios que se proponen iniciar, as\u00ed como aptitudes y conocimientos suficientes para cursarlos satisfactoriamente, en la Instituci\u00f3n donde se inscriba.<\/em><br><\/td><\/tr><\/tbody><\/table><figcaption>TIPOS DE FORMULARIOS DE INSCRIPCI\u00d3N <\/figcaption><\/figure>\n<\/div><\/div>\n\n\n\n<p><\/p>\n<\/div>\n<\/div>\n<\/div>\n<\/div>\n<\/div>\n<\/div>\n","protected":false},"excerpt":{"rendered":"<p>El R\u00c9GIMEN ACAD\u00c9MICO MARCO (RAM) Acuerdo CPE N\u00b0 248\/10 se desarroll\u00f3 en el marco de los fines y objetivos de la Pol\u00edtica Nacional y Provincial, garantizando a todos los interesados, el ingreso, permanencia y el pertinente egreso de la Educaci\u00f3n Superior. En su Cap\u00edtulo II: Del Ingreso e Inscripciones, especifica qui\u00e9nes podr\u00e1n ingresar como alumnos &#8230; <a title=\"Formularios de inscripci\u00f3n\" class=\"read-more\" href=\"https:\/\/ipesco-scr.infd.edu.ar\/sitio\/tipos-de-formulario-de-inscripcion\/\" aria-label=\"More on Formularios de inscripci\u00f3n\">[+]<\/a><\/p>\n","protected":false},"author":1759,"featured_media":0,"parent":0,"menu_order":0,"comment_status":"closed","ping_status":"closed","template":"","meta":[],"acf":[],"_links":{"self":[{"href":"https:\/\/ipesco-scr.infd.edu.ar\/sitio\/wp-json\/wp\/v2\/pages\/1652"}],"collection":[{"href":"https:\/\/ipesco-scr.infd.edu.ar\/sitio\/wp-json\/wp\/v2\/pages"}],"about":[{"href":"https:\/\/ipesco-scr.infd.edu.ar\/sitio\/wp-json\/wp\/v2\/types\/page"}],"author":[{"embeddable":true,"href":"https:\/\/ipesco-scr.infd.edu.ar\/sitio\/wp-json\/wp\/v2\/users\/1759"}],"replies":[{"embeddable":true,"href":"https:\/\/ipesco-scr.infd.edu.ar\/sitio\/wp-json\/wp\/v2\/comments?post=1652"}],"version-history":[{"count":15,"href":"https:\/\/ipesco-scr.infd.edu.ar\/sitio\/wp-json\/wp\/v2\/pages\/1652\/revisions"}],"predecessor-version":[{"id":4626,"href":"https:\/\/ipesco-scr.infd.edu.ar\/sitio\/wp-json\/wp\/v2\/pages\/1652\/revisions\/4626"}],"wp:attachment":[{"href":"https:\/\/ipesco-scr.infd.edu.ar\/sitio\/wp-json\/wp\/v2\/media?parent=1652"}],"curies":[{"name":"wp","href":"https:\/\/api.w.org\/{rel}","templated":true}]}}