{"id":1835,"date":"2024-03-12T19:16:57","date_gmt":"2024-03-12T22:16:57","guid":{"rendered":"https:\/\/ipesco-scr.infd.edu.ar\/sitio\/?page_id=1835"},"modified":"2026-03-16T21:56:52","modified_gmt":"2026-03-17T00:56:52","slug":"equivalencias","status":"publish","type":"page","link":"https:\/\/ipesco-scr.infd.edu.ar\/sitio\/equivalencias\/","title":{"rendered":"Solicitud de Equivalencias 2026"},"content":{"rendered":"\n<p><\/p>\n\n\n\n<h2 class=\"wp-block-heading\">C\u00f3mo y cu\u00e1ndo realizar el tr\u00e1mite<\/h2>\n\n\n\n<pre class=\"wp-block-preformatted has-electric-grass-gradient-background has-background\"><strong>Se solicita a los estudiantes que se asesoren con Coordinaci\u00f3n y Bedel\u00eda de cada carrera previo a la solicitud de las equivalencias.<\/strong><\/pre>\n\n\n\n<figure class=\"wp-block-table is-style-stripes\"><table class=\"has-fixed-layout\"><tbody><tr><td><strong>1\u00b0 Per\u00edodo de Solicitud de Equivalencias<\/strong><\/td><td><strong>Resoluci\u00f3n de Solicitud de Equivalencias de Unidades Curriculares Anuales y del 1\u00b0 Cuatrimestre<\/strong><\/td><\/tr><tr><td>Del 16 al 20 de marzo<\/td><td>Del 13 al 17 de abril<\/td><\/tr><\/tbody><\/table><\/figure>\n\n\n\n<figure class=\"wp-block-table is-style-stripes\"><table class=\"has-fixed-layout\"><tbody><tr><td><strong>2\u00b0 Per\u00edodo de Solicitud de Equivalencias<\/strong><\/td><td><strong>Resoluci\u00f3n de Solicitud de Equivalencias de Unidades Curriculares Anuales y del 2\u00b0 Cuatrimestre<\/strong><\/td><\/tr><tr><td>Del 3 al 10 de agosto<\/td><td>Del 1 al 8 de septiembre<\/td><\/tr><\/tbody><\/table><\/figure>\n\n\n\n<hr class=\"wp-block-separator has-alpha-channel-opacity\"\/>\n\n\n\n<p class=\"has-text-align-center\"><strong>Descargar:&nbsp;<a href=\"https:\/\/ipesco-scr.infd.edu.ar\/sitio\/wp-content\/uploads\/2021\/04\/PLANILLA-DE-SOLICITUD-DE-EQUIVALENCIAS-2021.pdf\" target=\"_blank\" rel=\"noopener\"><em>PLANILLA SOLICITUD EQUIVALENCIAS<\/em><\/a><\/strong><\/p>\n\n\n\n<hr class=\"wp-block-separator has-alpha-channel-opacity\"\/>\n\n\n\n<ul>\n<li><strong>Tr\u00e1mite:<\/strong> se realiza con el BEDEL a cargo de cada carrera, y las consultas o asesoramiento ser\u00e1n brindados por el Coordinador del Profesorado correspondiente.<\/li>\n\n\n\n<li><strong>Documentaci\u00f3n a presentar:<\/strong>\n<ul>\n<li><strong>Planilla de solicitud de Equivalencias<\/strong> (<a href=\"https:\/\/ipesco-scr.infd.edu.ar\/sitio\/wp-content\/uploads\/2021\/04\/PLANILLA-DE-SOLICITUD-DE-EQUIVALENCIAS-2021.pdf\" target=\"_blank\" rel=\"noopener\">DESCARGAR<\/a>).<\/li>\n\n\n\n<li><strong>Equivalencias de Oficio<\/strong>: (Por Pase de Plan u otras carreras cursadas en IPES-CO).\n<ul>\n<li>Fotocopia de T\u00edtulo Anal\u00edtico autenticado por Juez de Paz o Constancia de Anal\u00edtico parcial original.<\/li>\n<\/ul>\n<\/li>\n\n\n\n<li><strong>Equivalencias de otras Instituciones<\/strong>:\n<ul>\n<li>Fotocopia de T\u00edtulo Anal\u00edtico autenticado por Juez de Paz o Constancia de Anal\u00edtico parcial original.<\/li>\n\n\n\n<li>Plan de Estudios de la carrera cursada autenticado por autoridad de la instituci\u00f3n de origen (original).<\/li>\n\n\n\n<li>Programas de todos los espacios curriculares aprobados autenticados por autoridad de la instituci\u00f3n de origen (original).<\/li>\n<\/ul>\n<\/li>\n<\/ul>\n<\/li>\n\n\n\n<li><strong>Consideraciones a tener en cuenta<\/strong>:\n<ul>\n<li>Completar la planilla de <a href=\"https:\/\/ipesco-scr.infd.edu.ar\/sitio\/wp-content\/uploads\/2021\/04\/PLANILLA-DE-SOLICITUD-DE-EQUIVALENCIAS-2021.pdf\" target=\"_blank\" rel=\"noopener\"><strong>Solicitud de Equivalencias<\/strong> <\/a>con todos los datos que figuran tanto en su frente como en su reverso.<\/li>\n\n\n\n<li>Consultar la tabla de homologaci\u00f3n de los Espacios Curriculares de cada plan cuando la&nbsp;solicitud es de oficio.<\/li>\n\n\n\n<li>Todos los espacios curriculares deben estar perfectamente escritos, sin abreviaturas, con la calificaci\u00f3n y el a\u00f1o de aprobaci\u00f3n correspondientes.<\/li>\n\n\n\n<li>Consultar la tabla de Correlatividades de cada profesorado, ya que no se puede solicitar una equivalencia si no est\u00e1 aprobada la correlatividad precedente.<\/li>\n\n\n\n<li>Si alg\u00fan Espacio Curricular se omite por olvido, debe ser solicitado en el pr\u00f3ximo per\u00edodo de solicitud de equivalencias.<\/li>\n\n\n\n<li>La documentaci\u00f3n debe ser presentada en carpeta A4 u oficio seg\u00fan corresponda.<\/li>\n\n\n\n<li>No es tarea del Bedel corregir o interpretar los Espacios Curriculares solicitados, por ello <strong>no se dar\u00e1 viabilidad<\/strong> a las solicitudes mal confeccionadas, teniendo en cuenta que, de otorgarse por el Tribunal correspondiente, los mismos son aprobados en su totalidad.<\/li>\n<\/ul>\n<\/li>\n<\/ul>\n\n\n\n<hr class=\"wp-block-separator has-alpha-channel-opacity\"\/>\n","protected":false},"excerpt":{"rendered":"<p>C\u00f3mo y cu\u00e1ndo realizar el tr\u00e1mite Se solicita a los estudiantes que se asesoren con Coordinaci\u00f3n y Bedel\u00eda de cada carrera previo a la solicitud de las equivalencias. 1\u00b0 Per\u00edodo de Solicitud de Equivalencias Resoluci\u00f3n de Solicitud de Equivalencias de Unidades Curriculares Anuales y del 1\u00b0 Cuatrimestre Del 16 al 20 de marzo Del 13 &#8230; <a title=\"Solicitud de Equivalencias 2026\" class=\"read-more\" href=\"https:\/\/ipesco-scr.infd.edu.ar\/sitio\/equivalencias\/\" aria-label=\"More on Solicitud de Equivalencias 2026\">[+]<\/a><\/p>\n","protected":false},"author":1759,"featured_media":0,"parent":0,"menu_order":0,"comment_status":"closed","ping_status":"closed","template":"","meta":[],"acf":[],"_links":{"self":[{"href":"https:\/\/ipesco-scr.infd.edu.ar\/sitio\/wp-json\/wp\/v2\/pages\/1835"}],"collection":[{"href":"https:\/\/ipesco-scr.infd.edu.ar\/sitio\/wp-json\/wp\/v2\/pages"}],"about":[{"href":"https:\/\/ipesco-scr.infd.edu.ar\/sitio\/wp-json\/wp\/v2\/types\/page"}],"author":[{"embeddable":true,"href":"https:\/\/ipesco-scr.infd.edu.ar\/sitio\/wp-json\/wp\/v2\/users\/1759"}],"replies":[{"embeddable":true,"href":"https:\/\/ipesco-scr.infd.edu.ar\/sitio\/wp-json\/wp\/v2\/comments?post=1835"}],"version-history":[{"count":24,"href":"https:\/\/ipesco-scr.infd.edu.ar\/sitio\/wp-json\/wp\/v2\/pages\/1835\/revisions"}],"predecessor-version":[{"id":9173,"href":"https:\/\/ipesco-scr.infd.edu.ar\/sitio\/wp-json\/wp\/v2\/pages\/1835\/revisions\/9173"}],"wp:attachment":[{"href":"https:\/\/ipesco-scr.infd.edu.ar\/sitio\/wp-json\/wp\/v2\/media?parent=1835"}],"curies":[{"name":"wp","href":"https:\/\/api.w.org\/{rel}","templated":true}]}}