{"id":2653,"date":"2020-10-26T20:23:41","date_gmt":"2020-10-26T23:23:41","guid":{"rendered":"https:\/\/ipesco-scr.infd.edu.ar\/sitio\/?page_id=2653"},"modified":"2021-07-07T15:25:46","modified_gmt":"2021-07-07T18:25:46","slug":"pl-programas-2020","status":"publish","type":"page","link":"https:\/\/ipesco-scr.infd.edu.ar\/sitio\/pl-programas-2020\/","title":{"rendered":"PL &#8211; Programas 2020 (1959\/15)"},"content":{"rendered":"<pre style=\"text-align: center;\"><span style=\"color: #0000ff;\"><strong>PROFESORADO DE EDUCACI\u00d3N SECUNDARIA EN LENGUA Y LITERATURA <\/strong><\/span>\r\n<span style=\"color: #0000ff;\"><strong>Res. Plan N\u00b0 1959\/15<\/strong><\/span>\r\n<span style=\"color: #0000ff;\"><strong>Res. Ministerial N\u00b0 818\/16<\/strong><\/span><\/pre>\n<hr \/>\n<h4>1\u00b0 a\u00f1o<\/h4>\n<hr \/>\n<ol>\n<li><a href=\"https:\/\/ipesco-scr.infd.edu.ar\/sitio\/wp-content\/uploads\/2020\/06\/PL-01-PRACTICA-PEDAGOGICA-I-2020.pdf\">Pr\u00e1ctica Pedag\u00f3gica I<\/a><\/li>\n<li><a href=\"https:\/\/ipesco-scr.infd.edu.ar\/sitio\/wp-content\/uploads\/2020\/06\/PL-02-GRAMATICA-ESPA\u00d1OLA-I-2020.pdf\">Gram\u00e1tica Espa\u00f1ola I<\/a><\/li>\n<li><a href=\"https:\/\/ipesco-scr.infd.edu.ar\/sitio\/wp-content\/uploads\/2020\/06\/PL-03-TALLER-DE-LECTURA-Y-PRODUCCI\u00d3N-2020.pdf\">Taller de Lectura y Producci\u00f3n<\/a><\/li>\n<li><a href=\"https:\/\/ipesco-scr.infd.edu.ar\/sitio\/wp-content\/uploads\/2020\/07\/PL-04-TEOR\u00cdA-Y-PR\u00c1CTICA-LITERARIA-2020.pdf\">Teor\u00eda y Pr\u00e1ctica Literaria<\/a><\/li>\n<li><a href=\"https:\/\/ipesco-scr.infd.edu.ar\/sitio\/wp-content\/uploads\/2020\/07\/PL-05-LITERATURA-ARGENTINA-I-2020.pdf\">Literatura Argentina I<\/a><\/li>\n<li><a href=\"https:\/\/ipesco-scr.infd.edu.ar\/sitio\/wp-content\/uploads\/2020\/06\/PL-06-PEDAGOGIA-2020.pdf\">Pedagog\u00eda<\/a><\/li>\n<li><a href=\"https:\/\/ipesco-scr.infd.edu.ar\/sitio\/wp-content\/uploads\/2020\/06\/PL-07-DIDACTICA-GENERAL-2020.pdf\">Did\u00e1ctica General<\/a><\/li>\n<li><a href=\"https:\/\/ipesco-scr.infd.edu.ar\/sitio\/wp-content\/uploads\/2020\/06\/PL-08-EDI-PRACTICAS-DE-LECTURA-Y-ESCRITURA-2020.pdf\">EDI: Pr\u00e1cticas de Lectura y Escritura<\/a><\/li>\n<li><a href=\"https:\/\/ipesco-scr.infd.edu.ar\/sitio\/wp-content\/uploads\/2020\/10\/PL-09-LITERATURA-CL\u00c1SICA-I-2020.pdf\">Literatura Cl\u00e1sica I<\/a><\/li>\n<li><a href=\"https:\/\/ipesco-scr.infd.edu.ar\/sitio\/wp-content\/uploads\/2020\/10\/PL-10-HISTORIA-ARGENTINA-Y-LATINOAMERICANA-2020.pdf\">Historia Argentina y Latinoamericana<\/a><br \/>\n<hr \/>\n<h4>2\u00b0 a\u00f1o<\/h4>\n<hr \/>\n<\/li>\n<li><a href=\"https:\/\/ipesco-scr.infd.edu.ar\/sitio\/wp-content\/uploads\/2020\/06\/PL-11-GRAM\u00c1TICA-ESPA\u00d1OLA-II-2020.pdf\">Gram\u00e1tica Espa\u00f1ola II<\/a><\/li>\n<li><a href=\"https:\/\/ipesco-scr.infd.edu.ar\/sitio\/wp-content\/uploads\/2020\/06\/PL-12-LITERATURA-ARGENTINA-II-2020.pdf\">Literatura Argentina II<\/a><\/li>\n<li><a href=\"https:\/\/ipesco-scr.infd.edu.ar\/sitio\/wp-content\/uploads\/2020\/07\/PL-13-PR\u00c1CTICA-PEDAG\u00d3GICA-II-2020.pdf\">Pr\u00e1ctica Pedag\u00f3gica II<\/a><\/li>\n<li><a href=\"https:\/\/ipesco-scr.infd.edu.ar\/sitio\/wp-content\/uploads\/2020\/06\/PL-14-TIC-EN-LA-ENSE\u00d1ANZA-2020.pdf\">TIC en la Ense\u00f1anza<\/a><\/li>\n<li><a href=\"https:\/\/ipesco-scr.infd.edu.ar\/sitio\/wp-content\/uploads\/2020\/06\/PL-15-PSICOLOGIA-EDUCACIONAL-2020.pdf\">Psicolog\u00eda Educacional<\/a><\/li>\n<li><a href=\"https:\/\/ipesco-scr.infd.edu.ar\/sitio\/wp-content\/uploads\/2020\/06\/PL-16-SUJETO-DE-LA-EDUCACI\u00d3N-2020.pdf\">Sujeto de la Educaci\u00f3n<\/a><\/li>\n<li><a href=\"https:\/\/ipesco-scr.infd.edu.ar\/sitio\/wp-content\/uploads\/2020\/07\/PL-17-TEOR\u00cdA-LITERARIA-2020.pdf\">Teor\u00eda Literaria<\/a><\/li>\n<li><a href=\"https:\/\/ipesco-scr.infd.edu.ar\/sitio\/wp-content\/uploads\/2020\/06\/PL-18-ALFABETIZACION-ACADEMICA-2020.pdf\">Alfabetizaci\u00f3n Acad\u00e9mica<\/a><\/li>\n<li><a href=\"https:\/\/ipesco-scr.infd.edu.ar\/sitio\/wp-content\/uploads\/2020\/10\/PL-19-LITERATURA-CLASICA-II-2020.pdf\">Literatura Cl\u00e1sica II<\/a><br \/>\n<hr \/>\n<h4><strong>3\u00b0 a\u00f1o<\/strong><\/h4>\n<hr \/>\n<\/li>\n<li><a href=\"https:\/\/ipesco-scr.infd.edu.ar\/sitio\/wp-content\/uploads\/2020\/06\/PL-20-FILOSOFIA-2020.pdf\">Filosof\u00eda<\/a><\/li>\n<li><a href=\"https:\/\/ipesco-scr.infd.edu.ar\/sitio\/wp-content\/uploads\/2020\/06\/PL-21-LINGUISTICA-I-2020.pdf\">Ling\u00fc\u00edstica I<\/a><\/li>\n<li><a href=\"https:\/\/ipesco-scr.infd.edu.ar\/sitio\/wp-content\/uploads\/2020\/06\/PL-22-LITERATURA-LATINOAMERICA-I-2020.pdf\">Literatura Latinoamericana I<\/a><\/li>\n<li><a href=\"https:\/\/ipesco-scr.infd.edu.ar\/sitio\/wp-content\/uploads\/2020\/07\/PL-23-LITERATURA-EUROPEA-2020.pdf\">Literatura Europea<\/a><\/li>\n<li><a href=\"https:\/\/ipesco-scr.infd.edu.ar\/sitio\/wp-content\/uploads\/2020\/06\/PL-24-DIDACTICA-DE-LA-LENGUA-Y-LA-LITERATURA-I-2020.pdf\">Did\u00e1ctica de la Lengua y la Literatura I<\/a><\/li>\n<li><a href=\"https:\/\/ipesco-scr.infd.edu.ar\/sitio\/wp-content\/uploads\/2020\/06\/PL-25-PRACTICA-PEDAGOGICA-III-2020.pdf\">Pr\u00e1ctica Pedag\u00f3gica III<\/a><\/li>\n<li><a href=\"https:\/\/ipesco-scr.infd.edu.ar\/sitio\/wp-content\/uploads\/2020\/06\/PL-26-LITERATURA-ESPA\u00d1OLA-2020.pdf\">Literatura Espa\u00f1ola<\/a><\/li>\n<li><a href=\"https:\/\/ipesco-scr.infd.edu.ar\/sitio\/wp-content\/uploads\/2020\/06\/PL-27-SOCIOLOGIA-DE-LA-EDUCACI\u00d3N-2020.pdf\">Sociolog\u00eda en la Educaci\u00f3n<\/a><\/li>\n<li><a href=\"https:\/\/ipesco-scr.infd.edu.ar\/sitio\/wp-content\/uploads\/2020\/10\/PL-28-HISTORIA-Y-POLITICA-EDUCATIVA-2020.pdf\">Historia y Pol\u00edtica Educativa<\/a><br \/>\n<hr \/>\n<h4><strong>4\u00b0 a\u00f1o<\/strong><\/h4>\n<hr \/>\n<\/li>\n<li><a href=\"https:\/\/ipesco-scr.infd.edu.ar\/sitio\/wp-content\/uploads\/2020\/06\/PL-29-PRACTICA-PEDAGOGICA-IV-2020.pdf\">Pr\u00e1ctica Pedag\u00f3gica IV<\/a><\/li>\n<li><a href=\"https:\/\/ipesco-scr.infd.edu.ar\/sitio\/wp-content\/uploads\/2020\/06\/PL-30-MOVIMIENTOS-ESTETICOS-CULTURALES-Y-LIT-2020.pdf\">Movimientos Est\u00e9ticos, Culturales y Literatura<\/a><\/li>\n<li><a href=\"https:\/\/ipesco-scr.infd.edu.ar\/sitio\/wp-content\/uploads\/2020\/06\/PL-31-LINGUISTICA-II-2020.pdf\">Ling\u00fc\u00edstica II<\/a><\/li>\n<li><a href=\"https:\/\/ipesco-scr.infd.edu.ar\/sitio\/wp-content\/uploads\/2020\/06\/PL-32-LITERATURA-LATINOAMERICA-II-2020.pdf\">Literatura Latinoamericana II<\/a><\/li>\n<li><a href=\"https:\/\/ipesco-scr.infd.edu.ar\/sitio\/wp-content\/uploads\/2020\/10\/PL-33-ANALISIS-DEL-DISCURSO-2020.pdf\">An\u00e1lisis del Discurso<\/a><\/li>\n<li><a href=\"https:\/\/ipesco-scr.infd.edu.ar\/sitio\/wp-content\/uploads\/2020\/06\/PL-34-FORAMCI\u00d3N-\u00c9TICA-Y-CIUDADANA-2020.pdf\">Formaci\u00f3n \u00c9tica y Ciudadana<\/a><\/li>\n<li><a href=\"https:\/\/ipesco-scr.infd.edu.ar\/sitio\/wp-content\/uploads\/2020\/10\/PL-35-LITERATURA-INFANTO-JUVENIL-2020.pdf\">Literatura Infanto-Juvenil<\/a><\/li>\n<li><a href=\"https:\/\/ipesco-scr.infd.edu.ar\/sitio\/wp-content\/uploads\/2020\/06\/PL-36-DIDACTICA-DE-LA-LENGUA-Y-LA-LITERATURA-II-2020.pdf\">Did\u00e1ctica de la Lengua y la Literatura II<\/a><\/li>\n<li><a href=\"https:\/\/ipesco-scr.infd.edu.ar\/sitio\/wp-content\/uploads\/2020\/06\/PL-37-EDI-EXPRESION-CORPORAL-2020.pdf\">EDI: Expresi\u00f3n Corporal<\/a><\/li>\n<li><a href=\"https:\/\/ipesco-scr.infd.edu.ar\/sitio\/wp-content\/uploads\/2020\/10\/PL-38-EDI-RECURSOS-TIC-PARA-EL-AULA-2020.pdf\">EDI: Recursos TIC para el Aula<\/a><\/li>\n<\/ol>\n<hr \/>\n<p>&nbsp;<\/p>\n","protected":false},"excerpt":{"rendered":"<p>PROFESORADO DE EDUCACI\u00d3N SECUNDARIA EN LENGUA Y LITERATURA Res. Plan N\u00b0 1959\/15 Res. Ministerial N\u00b0 818\/16 1\u00b0 a\u00f1o Pr\u00e1ctica Pedag\u00f3gica I Gram\u00e1tica Espa\u00f1ola I Taller de Lectura y Producci\u00f3n Teor\u00eda y Pr\u00e1ctica Literaria Literatura Argentina I Pedagog\u00eda Did\u00e1ctica General EDI: Pr\u00e1cticas de Lectura y Escritura Literatura Cl\u00e1sica I Historia Argentina y Latinoamericana 2\u00b0 a\u00f1o Gram\u00e1tica &#8230; <a title=\"PL &#8211; Programas 2020 (1959\/15)\" class=\"read-more\" href=\"https:\/\/ipesco-scr.infd.edu.ar\/sitio\/pl-programas-2020\/\" aria-label=\"More on PL &#8211; Programas 2020 (1959\/15)\">[+]<\/a><\/p>\n","protected":false},"author":1759,"featured_media":0,"parent":0,"menu_order":0,"comment_status":"closed","ping_status":"closed","template":"","meta":[],"acf":[],"_links":{"self":[{"href":"https:\/\/ipesco-scr.infd.edu.ar\/sitio\/wp-json\/wp\/v2\/pages\/2653"}],"collection":[{"href":"https:\/\/ipesco-scr.infd.edu.ar\/sitio\/wp-json\/wp\/v2\/pages"}],"about":[{"href":"https:\/\/ipesco-scr.infd.edu.ar\/sitio\/wp-json\/wp\/v2\/types\/page"}],"author":[{"embeddable":true,"href":"https:\/\/ipesco-scr.infd.edu.ar\/sitio\/wp-json\/wp\/v2\/users\/1759"}],"replies":[{"embeddable":true,"href":"https:\/\/ipesco-scr.infd.edu.ar\/sitio\/wp-json\/wp\/v2\/comments?post=2653"}],"version-history":[{"count":48,"href":"https:\/\/ipesco-scr.infd.edu.ar\/sitio\/wp-json\/wp\/v2\/pages\/2653\/revisions"}],"predecessor-version":[{"id":3902,"href":"https:\/\/ipesco-scr.infd.edu.ar\/sitio\/wp-json\/wp\/v2\/pages\/2653\/revisions\/3902"}],"wp:attachment":[{"href":"https:\/\/ipesco-scr.infd.edu.ar\/sitio\/wp-json\/wp\/v2\/media?parent=2653"}],"curies":[{"name":"wp","href":"https:\/\/api.w.org\/{rel}","templated":true}]}}