{"id":3873,"date":"2021-10-05T20:44:00","date_gmt":"2021-10-05T23:44:00","guid":{"rendered":"https:\/\/ipesco-scr.infd.edu.ar\/sitio\/?page_id=3873"},"modified":"2021-10-05T20:44:40","modified_gmt":"2021-10-05T23:44:40","slug":"pi-programas-2021-1194-15","status":"publish","type":"page","link":"https:\/\/ipesco-scr.infd.edu.ar\/sitio\/pi-programas-2021-1194-15\/","title":{"rendered":"PI &#8211; Programas 2021 (1194\/15)"},"content":{"rendered":"<pre style=\"text-align: center;\"><span style=\"color: #0000ff;\"><strong>PROFESORADO DE INGL\u00c9S<\/strong><\/span>\n<span style=\"color: #0000ff;\"><strong>Res. Plan N\u00b0 1194\/15<\/strong><\/span>\n<span style=\"color: #0000ff;\"><strong>Res. Ministerial N\u00b0 2903\/17<\/strong><\/span><\/pre>\n<hr \/>\n<h4>1\u00b0 a\u00f1o<\/h4>\n<hr \/>\n<ol>\n<li>Alfabetizaci\u00f3n Acad\u00e9mica<\/li>\n<li>Psicolog\u00eda Educacional<\/li>\n<li>Sujeto de la Educaci\u00f3n<\/li>\n<li>Did\u00e1ctica General<\/li>\n<li>Lengua Inglesa I<\/li>\n<li>Fon\u00e9tica y Teor\u00edas Fonol\u00f3gicas I<\/li>\n<li>Gram\u00e1tica Ingl\u00e9sa I<\/li>\n<li>Pr\u00e1ctica Pedag\u00f3gica I<\/li>\n<li><a href=\"https:\/\/ipesco-scr.infd.edu.ar\/sitio\/wp-content\/uploads\/2021\/10\/PI-09-EDI-GRAMATICA-ESPANOLA-2021.pdf\" target=\"_blank\" rel=\"noopener\">EDI: Gram\u00e1tica Espa\u00f1ola<\/a><br \/>\n<hr \/>\n<h4>2\u00b0 a\u00f1o<\/h4>\n<hr \/>\n<\/li>\n<li>Pedagog\u00eda<\/li>\n<li><a href=\"https:\/\/ipesco-scr.infd.edu.ar\/sitio\/wp-content\/uploads\/2021\/07\/PI-11-TIC-EN-LA-ENSE\u00d1ANZA-I-2021.pdf\">TIC en la Ense\u00f1anza I<\/a><\/li>\n<li><a href=\"https:\/\/ipesco-scr.infd.edu.ar\/sitio\/wp-content\/uploads\/2021\/10\/PI-12-HISTORIA-ARGENTINA-Y-LATINOAMERICANA-2021.pdf\" target=\"_blank\" rel=\"noopener\">Historia Argentina y Latinoamericana<\/a><\/li>\n<li><a href=\"https:\/\/ipesco-scr.infd.edu.ar\/sitio\/wp-content\/uploads\/2021\/10\/PI-13-TIC-EN-LA-ENSENANZA-II-2021.pdf\" target=\"_blank\" rel=\"noopener\">TIC en la Ense\u00f1anza II<\/a><\/li>\n<li><a href=\"https:\/\/ipesco-scr.infd.edu.ar\/sitio\/wp-content\/uploads\/2021\/07\/PI-14-LENGUA-INGLESA-II-2021.pdf\">Lengua Inglesa II<\/a><\/li>\n<li>Fon\u00e9tica y Teor\u00edas Fonol\u00f3gicas II<\/li>\n<li><a href=\"https:\/\/ipesco-scr.infd.edu.ar\/sitio\/wp-content\/uploads\/2021\/07\/PI-16-GRAMATICA-INGLESA-II-2021.pdf\">Gram\u00e1tica Inglesa II<\/a><\/li>\n<li><a href=\"https:\/\/ipesco-scr.infd.edu.ar\/sitio\/wp-content\/uploads\/2021\/07\/PI-17-PRACTICA-PEDAGOGICA-II-2021.pdf\">Pr\u00e1ctica Pedag\u00f3gica II<\/a><\/li>\n<li><a href=\"https:\/\/ipesco-scr.infd.edu.ar\/sitio\/wp-content\/uploads\/2021\/07\/PI-18-DIDACTICA-DE-LA-LENGUA-INGLESA-2021.pdf\">Did\u00e1ctica de la Lengua Inglesa<\/a><br \/>\n<hr \/>\n<h4>3\u00b0 a\u00f1o<\/h4>\n<hr \/>\n<\/li>\n<li><a href=\"https:\/\/ipesco-scr.infd.edu.ar\/sitio\/wp-content\/uploads\/2021\/07\/PI-19-ADOLESCENCIAS-Y-CULTURAS-JUVENILES-2021.pdf\">Adolescencias y Culturas Juveniles<\/a><\/li>\n<li><a href=\"https:\/\/ipesco-scr.infd.edu.ar\/sitio\/wp-content\/uploads\/2021\/07\/PI-20-ESTUDIOS-SOCIOCULTAURALES-Y-LITERARIOS-DE-LOS-P.-H.-I.-I-2021.pdf\">Estudios Socioculturales y Literarios de los Pueblos de Habla Inglesa I<\/a><\/li>\n<li><a href=\"https:\/\/ipesco-scr.infd.edu.ar\/sitio\/wp-content\/uploads\/2021\/07\/PI-21-EDI-PRODUCCION-DE-TEXTOS-2021.pdf\">EDI: Producci\u00f3n de Textos<\/a><\/li>\n<li><a href=\"https:\/\/ipesco-scr.infd.edu.ar\/sitio\/wp-content\/uploads\/2021\/10\/PI-22-ESTUDIOS-SOCIOCULTURALES-II-2021.pdf\" target=\"_blank\" rel=\"noopener\">Estudios Socioculturales y Literarios de los Pueblos de Habla Inglesa II<\/a><\/li>\n<li><a href=\"https:\/\/ipesco-scr.infd.edu.ar\/sitio\/wp-content\/uploads\/2021\/10\/PI-23-EDUCACION-y-DIVERSIDAD-2021.pdf\" target=\"_blank\" rel=\"noopener\">Educaci\u00f3n y Diversidad<\/a><\/li>\n<li><a href=\"https:\/\/ipesco-scr.infd.edu.ar\/sitio\/wp-content\/uploads\/2021\/10\/PI-24-EDI-EXPRESION-CORPORAL-2021.pdf\" target=\"_blank\" rel=\"noopener\">EDI: Expresi\u00f3n Corporal<\/a><\/li>\n<li><a href=\"https:\/\/ipesco-scr.infd.edu.ar\/sitio\/wp-content\/uploads\/2021\/07\/PI-25-GRAMATICA-INGLESA-III-2021.pdf\">Gram\u00e1tica Inglesa III<\/a><\/li>\n<li><a href=\"https:\/\/ipesco-scr.infd.edu.ar\/sitio\/wp-content\/uploads\/2021\/07\/PI-26-PR\u00c1CTICA-PEDAG\u00d3GICA-III-2021.pdf\">Pr\u00e1ctica Pedag\u00f3gica III<\/a><\/li>\n<li><a href=\"https:\/\/ipesco-scr.infd.edu.ar\/sitio\/wp-content\/uploads\/2021\/07\/PI-27-LENGUA-INGLESA-III-2021.pdf\">Lengua Inglesa III<\/a><\/li>\n<li><a href=\"https:\/\/ipesco-scr.infd.edu.ar\/sitio\/wp-content\/uploads\/2021\/07\/PI-28-FON\u00c9TICA-Y-TEORIAS-FONOL\u00d3GICAS-III-2021.pdf\">Fon\u00e9tica y Teor\u00edas Fonol\u00f3gicas III<\/a><br \/>\n<hr \/>\n<h4>4\u00b0 a\u00f1o<\/h4>\n<hr \/>\n<\/li>\n<li><a href=\"https:\/\/ipesco-scr.infd.edu.ar\/sitio\/wp-content\/uploads\/2021\/07\/PI-29-FILOSOF\u00cdA-2021.pdf\">Filosof\u00eda<\/a><\/li>\n<li><a href=\"https:\/\/ipesco-scr.infd.edu.ar\/sitio\/wp-content\/uploads\/2021\/07\/PI-30-SOCIOLOGIA-DE-LA-EDUCACI\u00d3N-2021.pdf\">Sociolog\u00eda\u00a0de la Educaci\u00f3n<\/a><\/li>\n<li>Estudios Socioculturales y Literarios de los Pueblos de Habla Inglesa III<\/li>\n<li><a href=\"https:\/\/ipesco-scr.infd.edu.ar\/sitio\/wp-content\/uploads\/2021\/10\/PI-32-FORMACION-ETICA-Y-CIUDADANA-2021.pdf\" target=\"_blank\" rel=\"noopener\">Formaci\u00f3n \u00c9tica y Ciudadana<\/a><\/li>\n<li><a href=\"https:\/\/ipesco-scr.infd.edu.ar\/sitio\/wp-content\/uploads\/2021\/10\/PI-33-HISTORIA-Y-POLITICA-EDUCATIVA-2021.pdf\" target=\"_blank\" rel=\"noopener\">Historia y Pol\u00edtica Educativa<\/a><\/li>\n<li><a href=\"https:\/\/ipesco-scr.infd.edu.ar\/sitio\/wp-content\/uploads\/2021\/07\/PI-34-LITERATURA-DE-LOS-PUEBLOS-DE-HABLA-INGLESA-2021.pdf\">Literatura de los Pueblos de Habla Inglesa<\/a><\/li>\n<li><a href=\"https:\/\/ipesco-scr.infd.edu.ar\/sitio\/wp-content\/uploads\/2021\/07\/PI-35-LENGUA-INGLESA-IV-2021.pdf\">Lengua Inglesa IV<\/a><\/li>\n<li><a href=\"https:\/\/ipesco-scr.infd.edu.ar\/sitio\/wp-content\/uploads\/2021\/07\/PI-36-LINGUISTICA-Y-ANALISIS-DEL-DISCURSO-2021.pdf\">Ling\u00fc\u00edstica y An\u00e1lisis del Discurso<\/a><\/li>\n<li><a href=\"https:\/\/ipesco-scr.infd.edu.ar\/sitio\/wp-content\/uploads\/2021\/10\/PI-37-EDI-TALLER-DE-EXPRESION-ORAL-2021.pdf\" target=\"_blank\" rel=\"noopener\">EDI: Taller de Expresi\u00f3n Oral<\/a><\/li>\n<li><a href=\"https:\/\/ipesco-scr.infd.edu.ar\/sitio\/wp-content\/uploads\/2021\/07\/PI-38-PR\u00c1CTICA-PEDAG\u00d3GICA-IV-2021.pdf\">Pr\u00e1ctica Pedag\u00f3gica IV<\/a><\/li>\n<\/ol>\n<hr \/>\n","protected":false},"excerpt":{"rendered":"<p>PROFESORADO DE INGL\u00c9S Res. Plan N\u00b0 1194\/15 Res. Ministerial N\u00b0 2903\/17 1\u00b0 a\u00f1o Alfabetizaci\u00f3n Acad\u00e9mica Psicolog\u00eda Educacional Sujeto de la Educaci\u00f3n Did\u00e1ctica General Lengua Inglesa I Fon\u00e9tica y Teor\u00edas Fonol\u00f3gicas I Gram\u00e1tica Ingl\u00e9sa I Pr\u00e1ctica Pedag\u00f3gica I EDI: Gram\u00e1tica Espa\u00f1ola 2\u00b0 a\u00f1o Pedagog\u00eda TIC en la Ense\u00f1anza I Historia Argentina y Latinoamericana TIC en la &#8230; <a title=\"PI &#8211; Programas 2021 (1194\/15)\" class=\"read-more\" href=\"https:\/\/ipesco-scr.infd.edu.ar\/sitio\/pi-programas-2021-1194-15\/\" aria-label=\"More on PI &#8211; Programas 2021 (1194\/15)\">[+]<\/a><\/p>\n","protected":false},"author":1759,"featured_media":0,"parent":0,"menu_order":0,"comment_status":"closed","ping_status":"closed","template":"","meta":[],"acf":[],"_links":{"self":[{"href":"https:\/\/ipesco-scr.infd.edu.ar\/sitio\/wp-json\/wp\/v2\/pages\/3873"}],"collection":[{"href":"https:\/\/ipesco-scr.infd.edu.ar\/sitio\/wp-json\/wp\/v2\/pages"}],"about":[{"href":"https:\/\/ipesco-scr.infd.edu.ar\/sitio\/wp-json\/wp\/v2\/types\/page"}],"author":[{"embeddable":true,"href":"https:\/\/ipesco-scr.infd.edu.ar\/sitio\/wp-json\/wp\/v2\/users\/1759"}],"replies":[{"embeddable":true,"href":"https:\/\/ipesco-scr.infd.edu.ar\/sitio\/wp-json\/wp\/v2\/comments?post=3873"}],"version-history":[{"count":30,"href":"https:\/\/ipesco-scr.infd.edu.ar\/sitio\/wp-json\/wp\/v2\/pages\/3873\/revisions"}],"predecessor-version":[{"id":4504,"href":"https:\/\/ipesco-scr.infd.edu.ar\/sitio\/wp-json\/wp\/v2\/pages\/3873\/revisions\/4504"}],"wp:attachment":[{"href":"https:\/\/ipesco-scr.infd.edu.ar\/sitio\/wp-json\/wp\/v2\/media?parent=3873"}],"curies":[{"name":"wp","href":"https:\/\/api.w.org\/{rel}","templated":true}]}}