{"id":3876,"date":"2021-10-05T20:37:00","date_gmt":"2021-10-05T23:37:00","guid":{"rendered":"https:\/\/ipesco-scr.infd.edu.ar\/sitio\/?page_id=3876"},"modified":"2022-11-23T20:56:50","modified_gmt":"2022-11-23T23:56:50","slug":"pi-programas-2021-0658-21","status":"publish","type":"page","link":"https:\/\/ipesco-scr.infd.edu.ar\/sitio\/pi-programas-2021-0658-21\/","title":{"rendered":"PI &#8211; Programas 2021 (0658\/21)"},"content":{"rendered":"<pre style=\"text-align: center;\"><span style=\"color: #0000ff;\"><strong>PROFESORADO DE INGL\u00c9S<\/strong><\/span>\n<span style=\"color: #0000ff;\"><strong>Res. Plan N\u00b00658\/21<\/strong><\/span>\n<span style=\"color: #0000ff;\"><strong>Res. Ministerial N\u00b01699\/22<\/strong><\/span><\/pre>\n<hr \/>\n<h4>1\u00b0 a\u00f1o<\/h4>\n<hr \/>\n<ol>\n<li><a href=\"https:\/\/ipesco-scr.infd.edu.ar\/sitio\/wp-content\/uploads\/2021\/07\/PI-01-DID\u00c1CTICA-GENERAL-2021.pdf\">Did\u00e1ctica General<\/a><\/li>\n<li><a href=\"https:\/\/ipesco-scr.infd.edu.ar\/sitio\/wp-content\/uploads\/2021\/07\/PI-02-ALFABETIZACI\u00d3N-ACAD\u00c9MICA-2021.pdf\">Alfabetizaci\u00f3n Acad\u00e9mica<\/a><\/li>\n<li><a href=\"https:\/\/ipesco-scr.infd.edu.ar\/sitio\/wp-content\/uploads\/2021\/07\/PI-03-TIC-Y-EDUCACI\u00d3N-2021.pdf\">TIC y Educaci\u00f3n<\/a><\/li>\n<li><a href=\"https:\/\/ipesco-scr.infd.edu.ar\/sitio\/wp-content\/uploads\/2021\/10\/PI-04-HISTORIA-ARGENTINA-Y-LATINOAMERICANA.pdf\" target=\"_blank\" rel=\"noopener\">Historia Argentina y Latinoamericana<\/a><\/li>\n<li><a href=\"https:\/\/ipesco-scr.infd.edu.ar\/sitio\/wp-content\/uploads\/2021\/07\/PI-05-EL-SUJETO-DE-LA-EDUCACI\u00d3N-2021.pdf\">El Sujeto de la Educaci\u00f3n<\/a><\/li>\n<li><a href=\"https:\/\/ipesco-scr.infd.edu.ar\/sitio\/wp-content\/uploads\/2021\/07\/PI-06-PRACTICAS-DISCURSIVAS-DE-LA-ORALIDAD-I-2021.pdf\">Pr\u00e1cticas Discursivas de la Oralidad I<\/a><\/li>\n<li><a href=\"https:\/\/ipesco-scr.infd.edu.ar\/sitio\/wp-content\/uploads\/2021\/07\/PI-07-PR\u00c1CTICAS-DISCURSIVAS-DE-LA-ESCRITURA-I-2021.pdf\">Pr\u00e1cticas Discursivas de la Escritura I<\/a><\/li>\n<li><a href=\"https:\/\/ipesco-scr.infd.edu.ar\/sitio\/wp-content\/uploads\/2021\/07\/PI-08-PR\u00c1CTICA-PEDAG\u00d3GICA-I-2021.pdf\">Pr\u00e1ctica Pedag\u00f3gica I<\/a><\/li>\n<\/ol>\n\n\n<p><\/p>\n","protected":false},"excerpt":{"rendered":"<p>PROFESORADO DE INGL\u00c9S Res. Plan N\u00b00658\/21 Res. Ministerial N\u00b01699\/22 1\u00b0 a\u00f1o Did\u00e1ctica General Alfabetizaci\u00f3n Acad\u00e9mica TIC y Educaci\u00f3n Historia Argentina y Latinoamericana El Sujeto de la Educaci\u00f3n Pr\u00e1cticas Discursivas de la Oralidad I Pr\u00e1cticas Discursivas de la Escritura I Pr\u00e1ctica Pedag\u00f3gica I<\/p>\n","protected":false},"author":1759,"featured_media":0,"parent":0,"menu_order":0,"comment_status":"closed","ping_status":"closed","template":"","meta":[],"acf":[],"_links":{"self":[{"href":"https:\/\/ipesco-scr.infd.edu.ar\/sitio\/wp-json\/wp\/v2\/pages\/3876"}],"collection":[{"href":"https:\/\/ipesco-scr.infd.edu.ar\/sitio\/wp-json\/wp\/v2\/pages"}],"about":[{"href":"https:\/\/ipesco-scr.infd.edu.ar\/sitio\/wp-json\/wp\/v2\/types\/page"}],"author":[{"embeddable":true,"href":"https:\/\/ipesco-scr.infd.edu.ar\/sitio\/wp-json\/wp\/v2\/users\/1759"}],"replies":[{"embeddable":true,"href":"https:\/\/ipesco-scr.infd.edu.ar\/sitio\/wp-json\/wp\/v2\/comments?post=3876"}],"version-history":[{"count":13,"href":"https:\/\/ipesco-scr.infd.edu.ar\/sitio\/wp-json\/wp\/v2\/pages\/3876\/revisions"}],"predecessor-version":[{"id":6076,"href":"https:\/\/ipesco-scr.infd.edu.ar\/sitio\/wp-json\/wp\/v2\/pages\/3876\/revisions\/6076"}],"wp:attachment":[{"href":"https:\/\/ipesco-scr.infd.edu.ar\/sitio\/wp-json\/wp\/v2\/media?parent=3876"}],"curies":[{"name":"wp","href":"https:\/\/api.w.org\/{rel}","templated":true}]}}