{"id":5323,"date":"2022-11-16T11:46:00","date_gmt":"2022-11-16T14:46:00","guid":{"rendered":"https:\/\/ipesco-scr.infd.edu.ar\/sitio\/?page_id=5323"},"modified":"2022-11-23T20:40:44","modified_gmt":"2022-11-23T23:40:44","slug":"pee-sh-programas-2022-0295-19","status":"publish","type":"page","link":"https:\/\/ipesco-scr.infd.edu.ar\/sitio\/pee-sh-programas-2022-0295-19\/","title":{"rendered":"PEE &#8211; SH &#8211; Programas &#8211; 2022 (0295\/19)"},"content":{"rendered":"\n<pre class=\"wp-block-preformatted\"><strong><span class=\"has-inline-color has-vivid-cyan-blue-color\">PROFESORADO DE EDUCACI\u00d3N ESPECIAL con Orientaci\u00f3n en Sordos e Hipoac\u00fasicos\nRes. Plan N\u00b00295\/19\nRes. Ministerial N\u00b03606\/19<\/span><\/strong><\/pre>\n\n\n\n<hr class=\"wp-block-separator\"\/>\n\n\n\n<p class=\"has-medium-font-size\"><strong>1\u00b0 a\u00f1o<\/strong><\/p>\n\n\n\n<hr class=\"wp-block-separator\"\/>\n\n\n\n<div class=\"wp-block-file\"><a href=\"https:\/\/ipesco-scr.infd.edu.ar\/sitio\/wp-content\/uploads\/2022\/07\/PEE-SEH_-1_Didactica-General_2022.pdf\">PEE-SEH_-1_Didactica-General_2022<\/a><a href=\"https:\/\/ipesco-scr.infd.edu.ar\/sitio\/wp-content\/uploads\/2022\/07\/PEE-SEH_-1_Didactica-General_2022.pdf\" class=\"wp-block-file__button\" download>Descarga<\/a><\/div>\n\n\n\n<div class=\"wp-block-file\"><a href=\"https:\/\/ipesco-scr.infd.edu.ar\/sitio\/wp-content\/uploads\/2022\/07\/PEE-SEH_2_Ciencias-Sociales-y-su-Didactica_2022.pdf\">PEE-SEH_2_Ciencias-Sociales-y-su-Didactica_2022<\/a><a href=\"https:\/\/ipesco-scr.infd.edu.ar\/sitio\/wp-content\/uploads\/2022\/07\/PEE-SEH_2_Ciencias-Sociales-y-su-Didactica_2022.pdf\" class=\"wp-block-file__button\" download>Descarga<\/a><\/div>\n\n\n\n<div class=\"wp-block-file\"><a href=\"https:\/\/ipesco-scr.infd.edu.ar\/sitio\/wp-content\/uploads\/2022\/07\/PEE-SEH_3_Lengua-Literatura-y-su-didactica_2022.pdf\">PEE-SEH_3_Lengua-Literatura-y-su-didactica_2022<\/a><a href=\"https:\/\/ipesco-scr.infd.edu.ar\/sitio\/wp-content\/uploads\/2022\/07\/PEE-SEH_3_Lengua-Literatura-y-su-didactica_2022.pdf\" class=\"wp-block-file__button\" download>Descarga<\/a><\/div>\n\n\n\n<div class=\"wp-block-file\"><a href=\"https:\/\/ipesco-scr.infd.edu.ar\/sitio\/wp-content\/uploads\/2022\/07\/PEE-SEH_4_El-Sujeto-de-la-Educacion-Especial_2022.pdf\">PEE-SEH_4_El-Sujeto-de-la-Educacion-Especial_2022<\/a><a href=\"https:\/\/ipesco-scr.infd.edu.ar\/sitio\/wp-content\/uploads\/2022\/07\/PEE-SEH_4_El-Sujeto-de-la-Educacion-Especial_2022.pdf\" class=\"wp-block-file__button\" download>Descarga<\/a><\/div>\n\n\n\n<div class=\"wp-block-file\"><a href=\"https:\/\/ipesco-scr.infd.edu.ar\/sitio\/wp-content\/uploads\/2022\/07\/PEE-SEH_5_Problematicas-Contemporaneas-de-la-Educacion-Especial_2022.pdf\">PEE-SEH_5_Problematicas-Contemporaneas-de-la-Educacion-Especial_2022<\/a><a href=\"https:\/\/ipesco-scr.infd.edu.ar\/sitio\/wp-content\/uploads\/2022\/07\/PEE-SEH_5_Problematicas-Contemporaneas-de-la-Educacion-Especial_2022.pdf\" class=\"wp-block-file__button\" download>Descarga<\/a><\/div>\n\n\n\n<div class=\"wp-block-file\"><a href=\"https:\/\/ipesco-scr.infd.edu.ar\/sitio\/wp-content\/uploads\/2022\/07\/PEE-SEH_6_-Alfabetizacion-Academica-_2022.pdf\">PEE-SEH_6_-Alfabetizacion-Academica-_2022<\/a><a href=\"https:\/\/ipesco-scr.infd.edu.ar\/sitio\/wp-content\/uploads\/2022\/07\/PEE-SEH_6_-Alfabetizacion-Academica-_2022.pdf\" class=\"wp-block-file__button\" download>Descarga<\/a><\/div>\n\n\n\n<div class=\"wp-block-file\"><a href=\"https:\/\/ipesco-scr.infd.edu.ar\/sitio\/wp-content\/uploads\/2022\/11\/7-PEE-SeH-Hisoria-Argentina-y-Latinoamericana-2022.pdf\">7-PEE-SeH-Hisoria-Argentina-y-Latinoamericana-2022<\/a><a href=\"https:\/\/ipesco-scr.infd.edu.ar\/sitio\/wp-content\/uploads\/2022\/11\/7-PEE-SeH-Hisoria-Argentina-y-Latinoamericana-2022.pdf\" class=\"wp-block-file__button\" download>Descarga<\/a><\/div>\n\n\n\n<div class=\"wp-block-file\"><a href=\"https:\/\/ipesco-scr.infd.edu.ar\/sitio\/wp-content\/uploads\/2022\/11\/8-PEE-SeH-Tecnologia-de-la-Informacion-y-la-Comunicacion-y-Educacion-2022.pdf\">8-PEE-SeH-Tecnologia-de-la-Informacion-y-la-Comunicacion-y-Educacion-2022<\/a><a href=\"https:\/\/ipesco-scr.infd.edu.ar\/sitio\/wp-content\/uploads\/2022\/11\/8-PEE-SeH-Tecnologia-de-la-Informacion-y-la-Comunicacion-y-Educacion-2022.pdf\" class=\"wp-block-file__button\" download>Descarga<\/a><\/div>\n\n\n\n<div class=\"wp-block-file\"><a href=\"https:\/\/ipesco-scr.infd.edu.ar\/sitio\/wp-content\/uploads\/2022\/07\/PEE-SEH_9_Practica-Pedagogica-I_-2022.pdf\">PEE-SEH_9_Practica-Pedagogica-I_-2022<\/a><a href=\"https:\/\/ipesco-scr.infd.edu.ar\/sitio\/wp-content\/uploads\/2022\/07\/PEE-SEH_9_Practica-Pedagogica-I_-2022.pdf\" class=\"wp-block-file__button\" download>Descarga<\/a><\/div>\n\n\n\n<hr class=\"wp-block-separator\"\/>\n\n\n\n<p class=\"has-medium-font-size\"><strong>2\u00b0 a\u00f1o <\/strong><\/p>\n\n\n\n<hr class=\"wp-block-separator\"\/>\n\n\n\n<div class=\"wp-block-file\"><a href=\"https:\/\/ipesco-scr.infd.edu.ar\/sitio\/wp-content\/uploads\/2022\/07\/PEE-SEH_10_-Matematica-y-su-Didactica_2022.pdf\">PEE-SEH_10_-Matematica-y-su-Didactica_2022<\/a><a href=\"https:\/\/ipesco-scr.infd.edu.ar\/sitio\/wp-content\/uploads\/2022\/07\/PEE-SEH_10_-Matematica-y-su-Didactica_2022.pdf\" class=\"wp-block-file__button\" download>Descarga<\/a><\/div>\n\n\n\n<div class=\"wp-block-file\"><a href=\"https:\/\/ipesco-scr.infd.edu.ar\/sitio\/wp-content\/uploads\/2022\/07\/PEE-SEH_11_-Ciencias-Naturales-y-su-Didactica_2022.pdf\">PEE-SEH_11_-Ciencias-Naturales-y-su-Didactica_2022<\/a><a href=\"https:\/\/ipesco-scr.infd.edu.ar\/sitio\/wp-content\/uploads\/2022\/07\/PEE-SEH_11_-Ciencias-Naturales-y-su-Didactica_2022.pdf\" class=\"wp-block-file__button\" download>Descarga<\/a><\/div>\n\n\n\n<div class=\"wp-block-file\"><a href=\"https:\/\/ipesco-scr.infd.edu.ar\/sitio\/wp-content\/uploads\/2022\/07\/PEE-SEH_12_-Comunicacion-y-Lenguaje_2022.pdf\">PEE-SEH_12_-Comunicacion-y-Lenguaje_2022<\/a><a href=\"https:\/\/ipesco-scr.infd.edu.ar\/sitio\/wp-content\/uploads\/2022\/07\/PEE-SEH_12_-Comunicacion-y-Lenguaje_2022.pdf\" class=\"wp-block-file__button\" download>Descarga<\/a><\/div>\n\n\n\n<div class=\"wp-block-file\"><a href=\"https:\/\/ipesco-scr.infd.edu.ar\/sitio\/wp-content\/uploads\/2022\/07\/PEE-SEH_13_Integracion-Estrategia-para-la-inclusion_2022.pdf\">PEE-SEH_13_Integracion-Estrategia-para-la-inclusion_2022<\/a><a href=\"https:\/\/ipesco-scr.infd.edu.ar\/sitio\/wp-content\/uploads\/2022\/07\/PEE-SEH_13_Integracion-Estrategia-para-la-inclusion_2022.pdf\" class=\"wp-block-file__button\" download>Descarga<\/a><\/div>\n\n\n\n<div class=\"wp-block-file\"><a href=\"https:\/\/ipesco-scr.infd.edu.ar\/sitio\/wp-content\/uploads\/2022\/07\/PEE-SEH_14_Bases-Neuropsicobiologicas-del-desarrollo_2022.pdf\">PEE-SEH_14_Bases-Neuropsicobiologicas-del-desarrollo_2022<\/a><a href=\"https:\/\/ipesco-scr.infd.edu.ar\/sitio\/wp-content\/uploads\/2022\/07\/PEE-SEH_14_Bases-Neuropsicobiologicas-del-desarrollo_2022.pdf\" class=\"wp-block-file__button\" download>Descarga<\/a><\/div>\n\n\n\n<div class=\"wp-block-file\"><a href=\"https:\/\/ipesco-scr.infd.edu.ar\/sitio\/wp-content\/uploads\/2022\/07\/PEE-SEH_15_-Educacion-Psicomotriz_2022.pdf\">PEE-SEH_15_-Educacion-Psicomotriz_2022<\/a><a href=\"https:\/\/ipesco-scr.infd.edu.ar\/sitio\/wp-content\/uploads\/2022\/07\/PEE-SEH_15_-Educacion-Psicomotriz_2022.pdf\" class=\"wp-block-file__button\" download>Descarga<\/a><\/div>\n\n\n\n<div class=\"wp-block-file\"><a href=\"https:\/\/ipesco-scr.infd.edu.ar\/sitio\/wp-content\/uploads\/2022\/07\/PEE-SEH_16_-EDI-Cuerpo-juego-y-exxpresion_-2022.pdf\">PEE-SEH_16_-EDI-Cuerpo-juego-y-exxpresion_-2022<\/a><a href=\"https:\/\/ipesco-scr.infd.edu.ar\/sitio\/wp-content\/uploads\/2022\/07\/PEE-SEH_16_-EDI-Cuerpo-juego-y-exxpresion_-2022.pdf\" class=\"wp-block-file__button\" download>Descarga<\/a><\/div>\n\n\n\n<div class=\"wp-block-file\"><a href=\"https:\/\/ipesco-scr.infd.edu.ar\/sitio\/wp-content\/uploads\/2022\/11\/17-PEE-SEH-Psicologia-Educacional-2022.pdf\">17-PEE-SEH-Psicologia-Educacional-2022<\/a><a href=\"https:\/\/ipesco-scr.infd.edu.ar\/sitio\/wp-content\/uploads\/2022\/11\/17-PEE-SEH-Psicologia-Educacional-2022.pdf\" class=\"wp-block-file__button\" download>Descarga<\/a><\/div>\n\n\n\n<div class=\"wp-block-file\"><a href=\"https:\/\/ipesco-scr.infd.edu.ar\/sitio\/wp-content\/uploads\/2022\/11\/18-PEE-SeH-Historia-y-Politicas-de-la-Educacion-Argentina-2022.pdf\">18-PEE-SeH-Historia-y-Politicas-de-la-Educacion-Argentina-2022<\/a><a href=\"https:\/\/ipesco-scr.infd.edu.ar\/sitio\/wp-content\/uploads\/2022\/11\/18-PEE-SeH-Historia-y-Politicas-de-la-Educacion-Argentina-2022.pdf\" class=\"wp-block-file__button\" download>Descarga<\/a><\/div>\n\n\n\n<div class=\"wp-block-file\"><a href=\"https:\/\/ipesco-scr.infd.edu.ar\/sitio\/wp-content\/uploads\/2022\/07\/PEE-SEH_19_Practica-Pedagogica-II_2022.pdf\">PEE-SEH_19_Practica-Pedagogica-II_2022<\/a><a href=\"https:\/\/ipesco-scr.infd.edu.ar\/sitio\/wp-content\/uploads\/2022\/07\/PEE-SEH_19_Practica-Pedagogica-II_2022.pdf\" class=\"wp-block-file__button\" download>Descarga<\/a><\/div>\n\n\n\n<hr class=\"wp-block-separator\"\/>\n\n\n\n<p class=\"has-medium-font-size\"><strong>3\u00b0 a\u00f1o<\/strong><\/p>\n\n\n\n<hr class=\"wp-block-separator\"\/>\n\n\n\n<div class=\"wp-block-file\"><a href=\"https:\/\/ipesco-scr.infd.edu.ar\/sitio\/wp-content\/uploads\/2022\/07\/PEE-SEH_20_Lenga-de-Senas-Argentina-I_2022.pdf\">PEE-SEH_20_Lenga-de-Senas-Argentina-I_2022<\/a><a href=\"https:\/\/ipesco-scr.infd.edu.ar\/sitio\/wp-content\/uploads\/2022\/07\/PEE-SEH_20_Lenga-de-Senas-Argentina-I_2022.pdf\" class=\"wp-block-file__button\" download>Descarga<\/a><\/div>\n\n\n\n<div class=\"wp-block-file\"><a href=\"https:\/\/ipesco-scr.infd.edu.ar\/sitio\/wp-content\/uploads\/2022\/07\/PEE-SEH_21_-Abordajes-pedagogicos-para-el-Sujeto-Sordo-e-Hipoacusico-I_-2022.pdf\">PEE-SEH_21_-Abordajes-pedagogicos-para-el-Sujeto-Sordo-e-Hipoacusico-I_-2022<\/a><a href=\"https:\/\/ipesco-scr.infd.edu.ar\/sitio\/wp-content\/uploads\/2022\/07\/PEE-SEH_21_-Abordajes-pedagogicos-para-el-Sujeto-Sordo-e-Hipoacusico-I_-2022.pdf\" class=\"wp-block-file__button\" download>Descarga<\/a><\/div>\n\n\n\n<div class=\"wp-block-file\"><a href=\"https:\/\/ipesco-scr.infd.edu.ar\/sitio\/wp-content\/uploads\/2022\/07\/PEE-SEH_22_Filosofia-de-la-Educacion_2022.pdf\">PEE-SEH_22_Filosofia-de-la-Educacion_2022<\/a><a href=\"https:\/\/ipesco-scr.infd.edu.ar\/sitio\/wp-content\/uploads\/2022\/07\/PEE-SEH_22_Filosofia-de-la-Educacion_2022.pdf\" class=\"wp-block-file__button\" download>Descarga<\/a><\/div>\n\n\n\n<div class=\"wp-block-file\"><a href=\"https:\/\/ipesco-scr.infd.edu.ar\/sitio\/wp-content\/uploads\/2022\/07\/PEE-SEH_23_-Educacion-Temprana_2022.pdf\">PEE-SEH_23_-Educacion-Temprana_2022<\/a><a href=\"https:\/\/ipesco-scr.infd.edu.ar\/sitio\/wp-content\/uploads\/2022\/07\/PEE-SEH_23_-Educacion-Temprana_2022.pdf\" class=\"wp-block-file__button\" download>Descarga<\/a><\/div>\n\n\n\n<div class=\"wp-block-file\"><a href=\"https:\/\/ipesco-scr.infd.edu.ar\/sitio\/wp-content\/uploads\/2022\/07\/PEE-SEH_24_Alteraciones-del-Lenguaje-y-la-comunicacion_2022.pdf\">PEE-SEH_24_Alteraciones-del-Lenguaje-y-la-comunicacion_2022<\/a><a href=\"https:\/\/ipesco-scr.infd.edu.ar\/sitio\/wp-content\/uploads\/2022\/07\/PEE-SEH_24_Alteraciones-del-Lenguaje-y-la-comunicacion_2022.pdf\" class=\"wp-block-file__button\" download>Descarga<\/a><\/div>\n\n\n\n<div class=\"wp-block-file\"><a href=\"https:\/\/ipesco-scr.infd.edu.ar\/sitio\/wp-content\/uploads\/2022\/11\/25-PEE-SeH-Alfabetizacion-Inicial-para-el-Sujeto-Sordo-e-Hipoacusico-2022.pdf\">25-PEE-SeH-Alfabetizacion-Inicial-para-el-Sujeto-Sordo-e-Hipoacusico-2022<\/a><a href=\"https:\/\/ipesco-scr.infd.edu.ar\/sitio\/wp-content\/uploads\/2022\/11\/25-PEE-SeH-Alfabetizacion-Inicial-para-el-Sujeto-Sordo-e-Hipoacusico-2022.pdf\" class=\"wp-block-file__button\" download>Descarga<\/a><\/div>\n\n\n\n<div class=\"wp-block-file\"><a href=\"https:\/\/ipesco-scr.infd.edu.ar\/sitio\/wp-content\/uploads\/2022\/11\/26-PEE-SeH-Pedagogia-2022.pdf\">26-PEE-SeH-Pedagogia-2022<\/a><a href=\"https:\/\/ipesco-scr.infd.edu.ar\/sitio\/wp-content\/uploads\/2022\/11\/26-PEE-SeH-Pedagogia-2022.pdf\" class=\"wp-block-file__button\" download>Descarga<\/a><\/div>\n\n\n\n<div class=\"wp-block-file\"><a href=\"https:\/\/ipesco-scr.infd.edu.ar\/sitio\/wp-content\/uploads\/2022\/11\/27-PEE-SeH-Problematica-de-la-Subjetividad-y-la-Discapacidad-2022.pdf\">27-PEE-SeH-Problematica-de-la-Subjetividad-y-la-Discapacidad-2022<\/a><a href=\"https:\/\/ipesco-scr.infd.edu.ar\/sitio\/wp-content\/uploads\/2022\/11\/27-PEE-SeH-Problematica-de-la-Subjetividad-y-la-Discapacidad-2022.pdf\" class=\"wp-block-file__button\" download>Descarga<\/a><\/div>\n\n\n\n<div class=\"wp-block-file\"><a href=\"https:\/\/ipesco-scr.infd.edu.ar\/sitio\/wp-content\/uploads\/2022\/07\/PEE-SEH_28_Practica-Pedagogica-III_2022.pdf\">PEE-SEH_28_Practica-Pedagogica-III_2022<\/a><a href=\"https:\/\/ipesco-scr.infd.edu.ar\/sitio\/wp-content\/uploads\/2022\/07\/PEE-SEH_28_Practica-Pedagogica-III_2022.pdf\" class=\"wp-block-file__button\" download>Descarga<\/a><\/div>\n\n\n\n<hr class=\"wp-block-separator\"\/>\n\n\n\n<p class=\"has-medium-font-size\"><strong>4\u00b0 a\u00f1o<\/strong><\/p>\n\n\n\n<hr class=\"wp-block-separator\"\/>\n\n\n\n<div class=\"wp-block-file\"><a href=\"https:\/\/ipesco-scr.infd.edu.ar\/sitio\/wp-content\/uploads\/2022\/07\/PEE-SEH_29_-Lengua-de-senas-argentinas-II_2022.pdf\">PEE-SEH_29_-Lengua-de-senas-argentinas-II_2022<\/a><a href=\"https:\/\/ipesco-scr.infd.edu.ar\/sitio\/wp-content\/uploads\/2022\/07\/PEE-SEH_29_-Lengua-de-senas-argentinas-II_2022.pdf\" class=\"wp-block-file__button\" download>Descarga<\/a><\/div>\n\n\n\n<div class=\"wp-block-file\"><a href=\"https:\/\/ipesco-scr.infd.edu.ar\/sitio\/wp-content\/uploads\/2022\/07\/PEE-SEH_30_Abordaje-Pedagogico-para-el-Sujeto-Sordo-e-Hipoacusico-II_2022.pdf\">PEE-SEH_30_Abordaje-Pedagogico-para-el-Sujeto-Sordo-e-Hipoacusico-II_2022<\/a><a href=\"https:\/\/ipesco-scr.infd.edu.ar\/sitio\/wp-content\/uploads\/2022\/07\/PEE-SEH_30_Abordaje-Pedagogico-para-el-Sujeto-Sordo-e-Hipoacusico-II_2022.pdf\" class=\"wp-block-file__button\" download>Descarga<\/a><\/div>\n\n\n\n<div class=\"wp-block-file\"><a href=\"https:\/\/ipesco-scr.infd.edu.ar\/sitio\/wp-content\/uploads\/2022\/07\/PEE-SEH_31_-Multidiscapacida_2022.pdf\">PEE-SEH_31_-Multidiscapacida_2022<\/a><a href=\"https:\/\/ipesco-scr.infd.edu.ar\/sitio\/wp-content\/uploads\/2022\/07\/PEE-SEH_31_-Multidiscapacida_2022.pdf\" class=\"wp-block-file__button\" download>Descarga<\/a><\/div>\n\n\n\n<div class=\"wp-block-file\"><a href=\"https:\/\/ipesco-scr.infd.edu.ar\/sitio\/wp-content\/uploads\/2022\/11\/32-PEE-SEH-Sociologia-de-la-Educacion-2022.pdf\">32-PEE-SEH-Sociologia-de-la-Educacion-2022<\/a><a href=\"https:\/\/ipesco-scr.infd.edu.ar\/sitio\/wp-content\/uploads\/2022\/11\/32-PEE-SEH-Sociologia-de-la-Educacion-2022.pdf\" class=\"wp-block-file__button\" download>Descarga<\/a><\/div>\n\n\n\n<div class=\"wp-block-file\"><a href=\"https:\/\/ipesco-scr.infd.edu.ar\/sitio\/wp-content\/uploads\/2022\/07\/PEE-SEH_33_Educacion-del-Adulto-Sordo-e-Hipoacusico-y-el-Mundo-del-Trabajo_2022.pdf\">PEE-SEH_33_Educacion-del-Adulto-Sordo-e-Hipoacusico-y-el-Mundo-del-Trabajo_2022<\/a><a href=\"https:\/\/ipesco-scr.infd.edu.ar\/sitio\/wp-content\/uploads\/2022\/07\/PEE-SEH_33_Educacion-del-Adulto-Sordo-e-Hipoacusico-y-el-Mundo-del-Trabajo_2022.pdf\" class=\"wp-block-file__button\" download>Descarga<\/a><\/div>\n\n\n\n<div class=\"wp-block-file\"><a href=\"https:\/\/ipesco-scr.infd.edu.ar\/sitio\/wp-content\/uploads\/2022\/07\/PEE-SEH_34_-Educacion-Sexual-Integral_2022.pdf\">PEE-SEH_34_-Educacion-Sexual-Integral_2022<\/a><a href=\"https:\/\/ipesco-scr.infd.edu.ar\/sitio\/wp-content\/uploads\/2022\/07\/PEE-SEH_34_-Educacion-Sexual-Integral_2022.pdf\" class=\"wp-block-file__button\" download>Descarga<\/a><\/div>\n\n\n\n<div class=\"wp-block-file\"><a href=\"https:\/\/ipesco-scr.infd.edu.ar\/sitio\/wp-content\/uploads\/2022\/07\/PEE-SEH_35_EDI-Mediaciones-para-la-ensenanza-Recursos-y-Materiales_2022.pdf\">PEE-SEH_35_EDI-Mediaciones-para-la-ensenanza-Recursos-y-Materiales_2022<\/a><a href=\"https:\/\/ipesco-scr.infd.edu.ar\/sitio\/wp-content\/uploads\/2022\/07\/PEE-SEH_35_EDI-Mediaciones-para-la-ensenanza-Recursos-y-Materiales_2022.pdf\" class=\"wp-block-file__button\" download>Descarga<\/a><\/div>\n\n\n\n<div class=\"wp-block-file\"><a href=\"https:\/\/ipesco-scr.infd.edu.ar\/sitio\/wp-content\/uploads\/2022\/11\/36-PEE-SEH-Sistemas-Aumentativos-y-Alternativos-de-la-comunicacion-2022.pdf\">36-PEE-SEH-Sistemas-Aumentativos-y-Alternativos-de-la-comunicacion-2022<\/a><a href=\"https:\/\/ipesco-scr.infd.edu.ar\/sitio\/wp-content\/uploads\/2022\/11\/36-PEE-SEH-Sistemas-Aumentativos-y-Alternativos-de-la-comunicacion-2022.pdf\" class=\"wp-block-file__button\" download>Descarga<\/a><\/div>\n\n\n\n<div class=\"wp-block-file\"><a href=\"https:\/\/ipesco-scr.infd.edu.ar\/sitio\/wp-content\/uploads\/2022\/11\/37-PEE-SeH-Formacion-Etica-y-Ciudadana-2022.pdf\">37-PEE-SeH-Formacion-Etica-y-Ciudadana-2022<\/a><a href=\"https:\/\/ipesco-scr.infd.edu.ar\/sitio\/wp-content\/uploads\/2022\/11\/37-PEE-SeH-Formacion-Etica-y-Ciudadana-2022.pdf\" class=\"wp-block-file__button\" download>Descarga<\/a><\/div>\n\n\n\n<div class=\"wp-block-file\"><a href=\"https:\/\/ipesco-scr.infd.edu.ar\/sitio\/wp-content\/uploads\/2022\/07\/PEE-SEH_38_Residencia-Pedagogica_2022.pdf\">PEE-SEH_38_Residencia-Pedagogica_2022<\/a><a href=\"https:\/\/ipesco-scr.infd.edu.ar\/sitio\/wp-content\/uploads\/2022\/07\/PEE-SEH_38_Residencia-Pedagogica_2022.pdf\" class=\"wp-block-file__button\" download>Descarga<\/a><\/div>\n\n\n\n<hr class=\"wp-block-separator\"\/>\n\n\n\n<p><\/p>\n","protected":false},"excerpt":{"rendered":"<p>PROFESORADO DE EDUCACI\u00d3N ESPECIAL con Orientaci\u00f3n en Sordos e Hipoac\u00fasicos Res. Plan N\u00b00295\/19 Res. Ministerial N\u00b03606\/19 1\u00b0 a\u00f1o 2\u00b0 a\u00f1o 3\u00b0 a\u00f1o 4\u00b0 a\u00f1o<\/p>\n","protected":false},"author":1759,"featured_media":0,"parent":0,"menu_order":0,"comment_status":"closed","ping_status":"closed","template":"","meta":[],"acf":[],"_links":{"self":[{"href":"https:\/\/ipesco-scr.infd.edu.ar\/sitio\/wp-json\/wp\/v2\/pages\/5323"}],"collection":[{"href":"https:\/\/ipesco-scr.infd.edu.ar\/sitio\/wp-json\/wp\/v2\/pages"}],"about":[{"href":"https:\/\/ipesco-scr.infd.edu.ar\/sitio\/wp-json\/wp\/v2\/types\/page"}],"author":[{"embeddable":true,"href":"https:\/\/ipesco-scr.infd.edu.ar\/sitio\/wp-json\/wp\/v2\/users\/1759"}],"replies":[{"embeddable":true,"href":"https:\/\/ipesco-scr.infd.edu.ar\/sitio\/wp-json\/wp\/v2\/comments?post=5323"}],"version-history":[{"count":10,"href":"https:\/\/ipesco-scr.infd.edu.ar\/sitio\/wp-json\/wp\/v2\/pages\/5323\/revisions"}],"predecessor-version":[{"id":6074,"href":"https:\/\/ipesco-scr.infd.edu.ar\/sitio\/wp-json\/wp\/v2\/pages\/5323\/revisions\/6074"}],"wp:attachment":[{"href":"https:\/\/ipesco-scr.infd.edu.ar\/sitio\/wp-json\/wp\/v2\/media?parent=5323"}],"curies":[{"name":"wp","href":"https:\/\/api.w.org\/{rel}","templated":true}]}}