{"id":5679,"date":"2022-11-02T21:42:00","date_gmt":"2022-11-03T00:42:00","guid":{"rendered":"https:\/\/ipesco-scr.infd.edu.ar\/sitio\/?page_id=5679"},"modified":"2025-08-04T23:12:15","modified_gmt":"2025-08-05T02:12:15","slug":"requisitos-de-inscripcion","status":"publish","type":"page","link":"https:\/\/ipesco-scr.infd.edu.ar\/sitio\/requisitos-de-inscripcion\/","title":{"rendered":"REQUISITOS DE INSCRIPCI\u00d3N"},"content":{"rendered":"\n<pre class=\"wp-block-preformatted has-background\" style=\"background:radial-gradient(rgb(255,245,203) 0%,rgb(182,227,212) 50%,rgb(51,167,181) 100%)\"><strong><span class=\"has-inline-color has-vivid-cyan-blue-color\">El&nbsp;<em>R\u00c9GIMEN ACAD\u00c9MICO MARCO<\/em>&nbsp;(R.A.M.) Acuerdo C.P.E. N\u00b0 248\/10 en su&nbsp;<em>Cap\u00edtulo II: DEL INGRESO E INSCRIPCIONES, Art\u00edculo 4\u00b0&nbsp;<\/em>especifica cu\u00e1l&nbsp;es la documentaci\u00f3n que deber\u00e1 presentar el interesado al momento de inscribirse a una carrera<\/span><\/strong>. <strong><span class=\"has-inline-color has-vivid-cyan-blue-color\"> Presentar toda la documentaci\u00f3n en la Instituci\u00f3n es considerada la <\/span><span class=\"has-inline-color has-vivid-red-color\">INSCRIPCI\u00d3N DEFINITIVA<\/span><span class=\"has-inline-color has-vivid-cyan-blue-color\"> del interesado\/a al Profesorado.<\/span><\/strong><\/pre>\n\n\n\n<div class=\"wp-block-columns is-layout-flex wp-container-3\">\n<div class=\"wp-block-column is-layout-flow\">\n<figure class=\"wp-block-image size-large\"><img decoding=\"async\" loading=\"lazy\" width=\"1323\" height=\"216\" src=\"https:\/\/ipesco-scr.infd.edu.ar\/sitio\/wp-content\/uploads\/2022\/11\/Analitico.-1-2.jpg\" alt=\"\" class=\"wp-image-5685\" srcset=\"https:\/\/ipesco-scr.infd.edu.ar\/sitio\/wp-content\/uploads\/2022\/11\/Analitico.-1-2.jpg 1323w, https:\/\/ipesco-scr.infd.edu.ar\/sitio\/wp-content\/uploads\/2022\/11\/Analitico.-1-2-1000x163.jpg 1000w, https:\/\/ipesco-scr.infd.edu.ar\/sitio\/wp-content\/uploads\/2022\/11\/Analitico.-1-2-768x125.jpg 768w\" sizes=\"(max-width: 1323px) 100vw, 1323px\" \/><\/figure>\n<\/div>\n\n\n\n<div class=\"wp-block-column is-layout-flow\">\n<figure class=\"wp-block-image size-large\"><img decoding=\"async\" loading=\"lazy\" width=\"1323\" height=\"220\" src=\"https:\/\/ipesco-scr.infd.edu.ar\/sitio\/wp-content\/uploads\/2022\/11\/DNI-3.jpg\" alt=\"\" class=\"wp-image-5689\" srcset=\"https:\/\/ipesco-scr.infd.edu.ar\/sitio\/wp-content\/uploads\/2022\/11\/DNI-3.jpg 1323w, https:\/\/ipesco-scr.infd.edu.ar\/sitio\/wp-content\/uploads\/2022\/11\/DNI-3-1000x166.jpg 1000w, https:\/\/ipesco-scr.infd.edu.ar\/sitio\/wp-content\/uploads\/2022\/11\/DNI-3-768x128.jpg 768w\" sizes=\"(max-width: 1323px) 100vw, 1323px\" \/><\/figure>\n<\/div>\n<\/div>\n\n\n\n<div class=\"wp-block-columns is-layout-flex wp-container-6\">\n<div class=\"wp-block-column is-layout-flow\">\n<figure class=\"wp-block-image size-large\"><img decoding=\"async\" loading=\"lazy\" width=\"1323\" height=\"220\" src=\"https:\/\/ipesco-scr.infd.edu.ar\/sitio\/wp-content\/uploads\/2022\/11\/Partida.jpg\" alt=\"\" class=\"wp-image-5692\" srcset=\"https:\/\/ipesco-scr.infd.edu.ar\/sitio\/wp-content\/uploads\/2022\/11\/Partida.jpg 1323w, https:\/\/ipesco-scr.infd.edu.ar\/sitio\/wp-content\/uploads\/2022\/11\/Partida-1000x166.jpg 1000w, https:\/\/ipesco-scr.infd.edu.ar\/sitio\/wp-content\/uploads\/2022\/11\/Partida-768x128.jpg 768w\" sizes=\"(max-width: 1323px) 100vw, 1323px\" \/><\/figure>\n<\/div>\n\n\n\n<div class=\"wp-block-column is-layout-flow\">\n<figure class=\"wp-block-image size-large\"><a href=\"https:\/\/www.anses.gob.ar\/consulta\/constancia-de-cuil\" target=\"_blank\" rel=\"noopener\"><img decoding=\"async\" loading=\"lazy\" width=\"1323\" height=\"222\" src=\"https:\/\/ipesco-scr.infd.edu.ar\/sitio\/wp-content\/uploads\/2022\/11\/CUIL.jpg\" alt=\"\" class=\"wp-image-5694\" srcset=\"https:\/\/ipesco-scr.infd.edu.ar\/sitio\/wp-content\/uploads\/2022\/11\/CUIL.jpg 1323w, https:\/\/ipesco-scr.infd.edu.ar\/sitio\/wp-content\/uploads\/2022\/11\/CUIL-1000x168.jpg 1000w, https:\/\/ipesco-scr.infd.edu.ar\/sitio\/wp-content\/uploads\/2022\/11\/CUIL-768x129.jpg 768w\" sizes=\"(max-width: 1323px) 100vw, 1323px\" \/><\/a><\/figure>\n<\/div>\n<\/div>\n\n\n\n<div class=\"wp-block-columns is-layout-flex wp-container-12\">\n<div class=\"wp-block-column is-layout-flow\">\n<figure class=\"wp-block-image size-large\"><img decoding=\"async\" loading=\"lazy\" width=\"1323\" height=\"222\" src=\"https:\/\/ipesco-scr.infd.edu.ar\/sitio\/wp-content\/uploads\/2022\/11\/Foto.jpg\" alt=\"\" class=\"wp-image-5696\" srcset=\"https:\/\/ipesco-scr.infd.edu.ar\/sitio\/wp-content\/uploads\/2022\/11\/Foto.jpg 1323w, https:\/\/ipesco-scr.infd.edu.ar\/sitio\/wp-content\/uploads\/2022\/11\/Foto-1000x168.jpg 1000w, https:\/\/ipesco-scr.infd.edu.ar\/sitio\/wp-content\/uploads\/2022\/11\/Foto-768x129.jpg 768w\" sizes=\"(max-width: 1323px) 100vw, 1323px\" \/><\/figure>\n<\/div>\n\n\n\n<div class=\"wp-block-column is-layout-flow\">\n<div class=\"wp-block-columns is-layout-flex wp-container-10\">\n<div class=\"wp-block-column is-layout-flow\" style=\"flex-basis:100%\">\n<div class=\"wp-block-group has-contrast-background-color has-background is-vertical is-content-justification-center is-layout-flex wp-container-8\">\n<div class=\"wp-block-media-text alignwide is-stacked-on-mobile is-vertically-aligned-bottom has-medium-font-size\" style=\"grid-template-columns:20% auto\"><figure class=\"wp-block-media-text__media\"><img decoding=\"async\" loading=\"lazy\" width=\"381\" height=\"533\" src=\"https:\/\/ipesco-scr.infd.edu.ar\/sitio\/wp-content\/uploads\/2025\/08\/FICHA-ME\u0301DICA-HOJA-1.png\" alt=\"\" class=\"wp-image-9148 size-full\"\/><\/figure><div class=\"wp-block-media-text__content\">\n<p class=\"has-base-color has-text-color\"><strong>FICHA M\u00c9DICA ACTUALIZADA 2025<\/strong><\/p>\n<\/div><\/div>\n\n\n\n<div class=\"wp-block-file\"><a id=\"wp-block-file--media-cef7e4bc-bcf9-49cc-8654-6523c26015d2\" href=\"https:\/\/ipesco-scr.infd.edu.ar\/sitio\/wp-content\/uploads\/2025\/08\/FICHA-ME\u0301DICA-HOJA-2-1.png\">FICHA ME\u0301DICA HOJA 2<\/a><a href=\"https:\/\/ipesco-scr.infd.edu.ar\/sitio\/wp-content\/uploads\/2025\/08\/FICHA-ME\u0301DICA-HOJA-2-1.png\" class=\"wp-block-file__button wp-element-button\" download aria-describedby=\"wp-block-file--media-cef7e4bc-bcf9-49cc-8654-6523c26015d2\">Descarga<\/a><\/div>\n\n\n\n<div class=\"wp-block-file\"><a id=\"wp-block-file--media-82a8cc18-3b31-4978-8917-444a555fdfc6\" href=\"https:\/\/ipesco-scr.infd.edu.ar\/sitio\/wp-content\/uploads\/2025\/08\/FICHA-ME\u0301DICA-HOJA-1.png\">FICHA ME\u0301DICA HOJA 1<\/a><a href=\"https:\/\/ipesco-scr.infd.edu.ar\/sitio\/wp-content\/uploads\/2025\/08\/FICHA-ME\u0301DICA-HOJA-1.png\" class=\"wp-block-file__button wp-element-button\" download aria-describedby=\"wp-block-file--media-82a8cc18-3b31-4978-8917-444a555fdfc6\">Descarga<\/a><\/div>\n<\/div>\n<\/div>\n<\/div>\n<\/div>\n<\/div>\n\n\n\n<div class=\"wp-block-columns is-layout-flex wp-container-15\">\n<div class=\"wp-block-column is-layout-flow\">\n<figure class=\"wp-block-image size-large\"><a href=\"https:\/\/ipesco-scr.infd.edu.ar\/sitio\/?page_id=5705\" target=\"_blank\" rel=\"noopener\"><img decoding=\"async\" loading=\"lazy\" width=\"1323\" height=\"221\" src=\"https:\/\/ipesco-scr.infd.edu.ar\/sitio\/wp-content\/uploads\/2022\/11\/Inscripcion.jpg\" alt=\"\" class=\"wp-image-5701\" srcset=\"https:\/\/ipesco-scr.infd.edu.ar\/sitio\/wp-content\/uploads\/2022\/11\/Inscripcion.jpg 1323w, https:\/\/ipesco-scr.infd.edu.ar\/sitio\/wp-content\/uploads\/2022\/11\/Inscripcion-1000x167.jpg 1000w, https:\/\/ipesco-scr.infd.edu.ar\/sitio\/wp-content\/uploads\/2022\/11\/Inscripcion-768x128.jpg 768w\" sizes=\"(max-width: 1323px) 100vw, 1323px\" \/><\/a><\/figure>\n<\/div>\n\n\n\n<div class=\"wp-block-column is-layout-flow\">\n<figure class=\"wp-block-image size-large\"><img decoding=\"async\" loading=\"lazy\" width=\"1323\" height=\"223\" src=\"https:\/\/ipesco-scr.infd.edu.ar\/sitio\/wp-content\/uploads\/2022\/11\/Colgalte.jpg\" alt=\"\" class=\"wp-image-5703\" srcset=\"https:\/\/ipesco-scr.infd.edu.ar\/sitio\/wp-content\/uploads\/2022\/11\/Colgalte.jpg 1323w, https:\/\/ipesco-scr.infd.edu.ar\/sitio\/wp-content\/uploads\/2022\/11\/Colgalte-1000x169.jpg 1000w, https:\/\/ipesco-scr.infd.edu.ar\/sitio\/wp-content\/uploads\/2022\/11\/Colgalte-768x129.jpg 768w\" sizes=\"(max-width: 1323px) 100vw, 1323px\" \/><\/figure>\n<\/div>\n<\/div>\n\n\n\n<p><\/p>\n","protected":false},"excerpt":{"rendered":"<p>El&nbsp;R\u00c9GIMEN ACAD\u00c9MICO MARCO&nbsp;(R.A.M.) Acuerdo C.P.E. N\u00b0 248\/10 en su&nbsp;Cap\u00edtulo II: DEL INGRESO E INSCRIPCIONES, Art\u00edculo 4\u00b0&nbsp;especifica cu\u00e1l&nbsp;es la documentaci\u00f3n que deber\u00e1 presentar el interesado al momento de inscribirse a una carrera. Presentar toda la documentaci\u00f3n en la Instituci\u00f3n es considerada la INSCRIPCI\u00d3N DEFINITIVA del interesado\/a al Profesorado. FICHA M\u00c9DICA ACTUALIZADA 2025<\/p>\n","protected":false},"author":1759,"featured_media":0,"parent":0,"menu_order":0,"comment_status":"closed","ping_status":"closed","template":"","meta":[],"acf":[],"_links":{"self":[{"href":"https:\/\/ipesco-scr.infd.edu.ar\/sitio\/wp-json\/wp\/v2\/pages\/5679"}],"collection":[{"href":"https:\/\/ipesco-scr.infd.edu.ar\/sitio\/wp-json\/wp\/v2\/pages"}],"about":[{"href":"https:\/\/ipesco-scr.infd.edu.ar\/sitio\/wp-json\/wp\/v2\/types\/page"}],"author":[{"embeddable":true,"href":"https:\/\/ipesco-scr.infd.edu.ar\/sitio\/wp-json\/wp\/v2\/users\/1759"}],"replies":[{"embeddable":true,"href":"https:\/\/ipesco-scr.infd.edu.ar\/sitio\/wp-json\/wp\/v2\/comments?post=5679"}],"version-history":[{"count":19,"href":"https:\/\/ipesco-scr.infd.edu.ar\/sitio\/wp-json\/wp\/v2\/pages\/5679\/revisions"}],"predecessor-version":[{"id":9162,"href":"https:\/\/ipesco-scr.infd.edu.ar\/sitio\/wp-json\/wp\/v2\/pages\/5679\/revisions\/9162"}],"wp:attachment":[{"href":"https:\/\/ipesco-scr.infd.edu.ar\/sitio\/wp-json\/wp\/v2\/media?parent=5679"}],"curies":[{"name":"wp","href":"https:\/\/api.w.org\/{rel}","templated":true}]}}