{"id":6721,"date":"2024-03-22T14:29:50","date_gmt":"2024-03-22T17:29:50","guid":{"rendered":"https:\/\/ipesco-scr.infd.edu.ar\/sitio\/?page_id=6721"},"modified":"2024-03-22T14:29:51","modified_gmt":"2024-03-22T17:29:51","slug":"centro-de-documentacion-y-multimedia-tu-biblioteca-ipes-co","status":"publish","type":"page","link":"https:\/\/ipesco-scr.infd.edu.ar\/sitio\/centro-de-documentacion-y-multimedia-tu-biblioteca-ipes-co\/","title":{"rendered":"CENTRO DE DOCUMENTACI\u00d3N Y MULTIMEDIA"},"content":{"rendered":"\n<p class=\"has-text-align-center has-large-font-size\">\u00ab<strong>TU BIBLIOTECA IPES-CO\u00bb<\/strong><\/p>\n\n\n\n<blockquote class=\"wp-block-quote has-text-align-center has-text-color\" style=\"color:#1510f1;font-style:italic;font-weight:500\"><cite>\u00abLA LECTURA DE UN LIBRO ES UN DI\u00c1LOGO INCESANTE, <br>EN EL QUE EL LIBRO HABLA Y EL ALMA CONTESTA\u00bb <br>Andr\u00e9 Maurois<\/cite><\/blockquote>\n\n\n\n<p>El Centro de Documentaci\u00f3n y Multimedia \u201cTU BIBLIOTECA IPES-CO\u201d est\u00e1 destinado a docentes y estudiantes de la instituci\u00f3n. <\/p>\n\n\n\n<p>Est\u00e1 situado en la planta baja del CPES N\u00b0 20, y es atendido por el Prof. Rafael Riquelme.<\/p>\n\n\n\n<pre class=\"wp-block-preformatted has-base-3-color has-midnight-gradient-background has-text-color has-background\"><strong>HORARIOS<\/strong><\/pre>\n\n\n\n<ul>\n<li>Martes: 20.30 a 23.10<\/li>\n\n\n\n<li>Mi\u00e9rcoles: 18.30 a 23.10<\/li>\n\n\n\n<li>Jueves: 21.10 a 23.10<\/li>\n\n\n\n<li>Viernes 20.30 a 23.10<\/li>\n<\/ul>\n\n\n\n<pre class=\"wp-block-preformatted has-base-3-color has-midnight-gradient-background has-text-color has-background\"><strong>REQUISITOS PARA DOCENTES<\/strong><\/pre>\n\n\n\n<ul>\n<li>completar ficha de inscripci\u00f3n<\/li>\n\n\n\n<li>constancia de servicios<\/li>\n\n\n\n<li>ver requisitos para el carnet de socio\/a<\/li>\n<\/ul>\n\n\n\n<pre class=\"wp-block-preformatted has-base-3-color has-midnight-gradient-background has-text-color has-background\"><strong>REQUISITOS PARA ESTUDIANTES<\/strong><\/pre>\n\n\n\n<ul>\n<li>completar ficha de inscripci\u00f3n<\/li>\n\n\n\n<li>constancia de alumno\/a regular<\/li>\n\n\n\n<li>ver requisitos para el carnet de socio\/a<\/li>\n<\/ul>\n\n\n\n<pre class=\"wp-block-preformatted has-base-3-color has-midnight-gradient-background has-text-color has-background\"><strong>FICHA DE INSCRIPCI\u00d3N - USUARIOS INTERNOS<\/strong><\/pre>\n\n\n\n<div class=\"wp-block-file\"><object class=\"wp-block-file__embed\" data=\"https:\/\/ipesco-scr.infd.edu.ar\/sitio\/wp-content\/uploads\/2023\/05\/FICHA-de-inscripcion-Usuarios-internos.pdf\" type=\"application\/pdf\" style=\"width:100%;height:600px\" aria-label=\"Incrustado de FICHA-de-inscripcion-Usuarios-internos.\"><\/object><a id=\"wp-block-file--media-7b1c74ea-182c-440e-a952-c1acb0169282\" href=\"https:\/\/ipesco-scr.infd.edu.ar\/sitio\/wp-content\/uploads\/2023\/05\/FICHA-de-inscripcion-Usuarios-internos.pdf\">FICHA-de-inscripcion-Usuarios-internos<\/a><a href=\"https:\/\/ipesco-scr.infd.edu.ar\/sitio\/wp-content\/uploads\/2023\/05\/FICHA-de-inscripcion-Usuarios-internos.pdf\" class=\"wp-block-file__button wp-element-button\" download aria-describedby=\"wp-block-file--media-7b1c74ea-182c-440e-a952-c1acb0169282\">Descarga<\/a><\/div>\n\n\n\n<pre class=\"wp-block-preformatted has-base-3-color has-midnight-gradient-background has-text-color has-background has-medium-font-size\"><strong>DOCENTES Y ESTUDIANTES: REQUISITOS PARA SER SOCIO<\/strong><\/pre>\n\n\n\n<div class=\"wp-block-columns is-layout-flex wp-container-3\">\n<div class=\"wp-block-column is-layout-flow\">\n<div class=\"wp-block-file\"><object class=\"wp-block-file__embed\" data=\"https:\/\/ipesco-scr.infd.edu.ar\/sitio\/wp-content\/uploads\/2023\/05\/Requisitos-para-docentes.pdf\" type=\"application\/pdf\" style=\"width:100%;height:600px\" aria-label=\"Incrustado de Requisitos-para-docentes.\"><\/object><a id=\"wp-block-file--media-34d8a264-4471-40d8-b9fb-476318e4eb53\" href=\"https:\/\/ipesco-scr.infd.edu.ar\/sitio\/wp-content\/uploads\/2023\/05\/Requisitos-para-docentes.pdf\">Requisitos-para-docentes<\/a><a href=\"https:\/\/ipesco-scr.infd.edu.ar\/sitio\/wp-content\/uploads\/2023\/05\/Requisitos-para-docentes.pdf\" class=\"wp-block-file__button wp-element-button\" download aria-describedby=\"wp-block-file--media-34d8a264-4471-40d8-b9fb-476318e4eb53\">Descarga<\/a><\/div>\n<\/div>\n\n\n\n<div class=\"wp-block-column is-layout-flow\">\n<div class=\"wp-block-file\"><object class=\"wp-block-file__embed\" data=\"https:\/\/ipesco-scr.infd.edu.ar\/sitio\/wp-content\/uploads\/2023\/05\/Requisitos-para-Estudiantes.pdf\" type=\"application\/pdf\" style=\"width:100%;height:600px\" aria-label=\"Incrustado de Requisitos-para-Estudiantes.\"><\/object><a id=\"wp-block-file--media-592c42d8-21f5-40b7-8e21-86daf1188d17\" href=\"https:\/\/ipesco-scr.infd.edu.ar\/sitio\/wp-content\/uploads\/2023\/05\/Requisitos-para-Estudiantes.pdf\">Requisitos-para-Estudiantes<\/a><a href=\"https:\/\/ipesco-scr.infd.edu.ar\/sitio\/wp-content\/uploads\/2023\/05\/Requisitos-para-Estudiantes.pdf\" class=\"wp-block-file__button wp-element-button\" download aria-describedby=\"wp-block-file--media-592c42d8-21f5-40b7-8e21-86daf1188d17\">Descarga<\/a><\/div>\n<\/div>\n<\/div>\n\n\n\n<div class=\"wp-block-columns is-layout-flex wp-container-6\">\n<div class=\"wp-block-column is-layout-flow\">\n<div class=\"wp-block-file\"><object class=\"wp-block-file__embed\" data=\"https:\/\/ipesco-scr.infd.edu.ar\/sitio\/wp-content\/uploads\/2023\/05\/C-S-D-Centro-de-Documentacion.pdf\" type=\"application\/pdf\" style=\"width:100%;height:600px\" aria-label=\"Incrustado de CONSTANCIA DE SERVICIOS PARA COMPLETAR.\"><\/object><a id=\"wp-block-file--media-121e6900-9cbc-4e28-8e23-e5a1f0aae79e\" href=\"https:\/\/ipesco-scr.infd.edu.ar\/sitio\/wp-content\/uploads\/2023\/05\/C-S-D-Centro-de-Documentacion.pdf\">CONSTANCIA DE SERVICIOS PARA COMPLETAR<\/a><a href=\"https:\/\/ipesco-scr.infd.edu.ar\/sitio\/wp-content\/uploads\/2023\/05\/C-S-D-Centro-de-Documentacion.pdf\" class=\"wp-block-file__button wp-element-button\" download aria-describedby=\"wp-block-file--media-121e6900-9cbc-4e28-8e23-e5a1f0aae79e\">Descarga<\/a><\/div>\n<\/div>\n\n\n\n<div class=\"wp-block-column is-layout-flow\">\n<div class=\"wp-block-file\"><object class=\"wp-block-file__embed\" data=\"https:\/\/ipesco-scr.infd.edu.ar\/sitio\/wp-content\/uploads\/2023\/05\/C-A-R-Centro-de-Documentacion.pdf\" type=\"application\/pdf\" style=\"width:100%;height:600px\" aria-label=\"Incrustado de CONSTANCIA DE ALUMNO REGULAR PARA COMPLETAR.\"><\/object><a id=\"wp-block-file--media-f558ee51-83c6-4c72-a96a-e13bd76d2f8a\" href=\"https:\/\/ipesco-scr.infd.edu.ar\/sitio\/wp-content\/uploads\/2023\/05\/C-A-R-Centro-de-Documentacion.pdf\">CONSTANCIA DE ALUMNO REGULAR PARA COMPLETAR<\/a><a href=\"https:\/\/ipesco-scr.infd.edu.ar\/sitio\/wp-content\/uploads\/2023\/05\/C-A-R-Centro-de-Documentacion.pdf\" class=\"wp-block-file__button wp-element-button\" download aria-describedby=\"wp-block-file--media-f558ee51-83c6-4c72-a96a-e13bd76d2f8a\">Descarga<\/a><\/div>\n<\/div>\n<\/div>\n","protected":false},"excerpt":{"rendered":"<p>\u00abTU BIBLIOTECA IPES-CO\u00bb \u00abLA LECTURA DE UN LIBRO ES UN DI\u00c1LOGO INCESANTE, EN EL QUE EL LIBRO HABLA Y EL ALMA CONTESTA\u00bb Andr\u00e9 Maurois El Centro de Documentaci\u00f3n y Multimedia \u201cTU BIBLIOTECA IPES-CO\u201d est\u00e1 destinado a docentes y estudiantes de la instituci\u00f3n. Est\u00e1 situado en la planta baja del CPES N\u00b0 20, y es atendido &#8230; <a title=\"CENTRO DE DOCUMENTACI\u00d3N Y MULTIMEDIA\" class=\"read-more\" href=\"https:\/\/ipesco-scr.infd.edu.ar\/sitio\/centro-de-documentacion-y-multimedia-tu-biblioteca-ipes-co\/\" aria-label=\"More on CENTRO DE DOCUMENTACI\u00d3N Y MULTIMEDIA\">[+]<\/a><\/p>\n","protected":false},"author":1759,"featured_media":0,"parent":0,"menu_order":0,"comment_status":"closed","ping_status":"closed","template":"","meta":[],"acf":[],"_links":{"self":[{"href":"https:\/\/ipesco-scr.infd.edu.ar\/sitio\/wp-json\/wp\/v2\/pages\/6721"}],"collection":[{"href":"https:\/\/ipesco-scr.infd.edu.ar\/sitio\/wp-json\/wp\/v2\/pages"}],"about":[{"href":"https:\/\/ipesco-scr.infd.edu.ar\/sitio\/wp-json\/wp\/v2\/types\/page"}],"author":[{"embeddable":true,"href":"https:\/\/ipesco-scr.infd.edu.ar\/sitio\/wp-json\/wp\/v2\/users\/1759"}],"replies":[{"embeddable":true,"href":"https:\/\/ipesco-scr.infd.edu.ar\/sitio\/wp-json\/wp\/v2\/comments?post=6721"}],"version-history":[{"count":15,"href":"https:\/\/ipesco-scr.infd.edu.ar\/sitio\/wp-json\/wp\/v2\/pages\/6721\/revisions"}],"predecessor-version":[{"id":7786,"href":"https:\/\/ipesco-scr.infd.edu.ar\/sitio\/wp-json\/wp\/v2\/pages\/6721\/revisions\/7786"}],"wp:attachment":[{"href":"https:\/\/ipesco-scr.infd.edu.ar\/sitio\/wp-json\/wp\/v2\/media?parent=6721"}],"curies":[{"name":"wp","href":"https:\/\/api.w.org\/{rel}","templated":true}]}}