{"id":6871,"date":"2023-06-29T19:43:52","date_gmt":"2023-06-29T22:43:52","guid":{"rendered":"https:\/\/ipesco-scr.infd.edu.ar\/sitio\/?page_id=6871"},"modified":"2023-11-21T13:55:50","modified_gmt":"2023-11-21T16:55:50","slug":"pi-programas-2023","status":"publish","type":"page","link":"https:\/\/ipesco-scr.infd.edu.ar\/sitio\/pi-programas-2023\/","title":{"rendered":"PI PROGRAMAS (2023)"},"content":{"rendered":"\n<div class=\"wp-block-group has-electric-grass-gradient-background has-background is-vertical is-layout-flex wp-container-1\">\n<p class=\"has-large-font-size\"><strong>Profesorado de Ingl\u00e9s <\/strong><\/p>\n\n\n\n<p><strong>Res. Plan N\u00b0 0658\/21<\/strong><\/p>\n<\/div>\n\n\n\n<p class=\"has-text-align-left\"><strong>1er a\u00f1o<\/strong><\/p>\n\n\n\n<div class=\"wp-block-file\"><a id=\"wp-block-file--media-10b5dbf6-55d4-4fb7-9b7f-3d415ef767b7\" href=\"https:\/\/ipesco-scr.infd.edu.ar\/sitio\/wp-content\/uploads\/2023\/06\/PI-01-DIDACTICA-GENERAL-2023.pdf\">PI-01-DIDACTICA-GENERAL-2023<\/a><a href=\"https:\/\/ipesco-scr.infd.edu.ar\/sitio\/wp-content\/uploads\/2023\/06\/PI-01-DIDACTICA-GENERAL-2023.pdf\" class=\"wp-block-file__button wp-element-button\" download aria-describedby=\"wp-block-file--media-10b5dbf6-55d4-4fb7-9b7f-3d415ef767b7\">Descarga<\/a><\/div>\n\n\n\n<div class=\"wp-block-file\"><a id=\"wp-block-file--media-8cbf5917-2f1e-405d-bb99-8abc9ee5bf11\" href=\"https:\/\/ipesco-scr.infd.edu.ar\/sitio\/wp-content\/uploads\/2023\/06\/PI-02-ALFABETIZACION-ACADEMICA-2023.pdf\">PI-02-ALFABETIZACION-ACADEMICA-2023<\/a><a href=\"https:\/\/ipesco-scr.infd.edu.ar\/sitio\/wp-content\/uploads\/2023\/06\/PI-02-ALFABETIZACION-ACADEMICA-2023.pdf\" class=\"wp-block-file__button wp-element-button\" download aria-describedby=\"wp-block-file--media-8cbf5917-2f1e-405d-bb99-8abc9ee5bf11\">Descarga<\/a><\/div>\n\n\n\n<div class=\"wp-block-file\"><a id=\"wp-block-file--media-c087a84e-ed68-4b0d-bfd4-de64a15a0566\" href=\"https:\/\/ipesco-scr.infd.edu.ar\/sitio\/wp-content\/uploads\/2023\/06\/PI-03-TIC-Y-EDUCACIO\u0301N-2023.pdf\">PI-03-TIC-Y-EDUCACIO\u0301N-2023<\/a><a href=\"https:\/\/ipesco-scr.infd.edu.ar\/sitio\/wp-content\/uploads\/2023\/06\/PI-03-TIC-Y-EDUCACIO\u0301N-2023.pdf\" class=\"wp-block-file__button wp-element-button\" download aria-describedby=\"wp-block-file--media-c087a84e-ed68-4b0d-bfd4-de64a15a0566\">Descarga<\/a><\/div>\n\n\n\n<div class=\"wp-block-file\"><a id=\"wp-block-file--media-79c8036c-4bfb-4f3f-ac8a-697ee754cd8b\" href=\"https:\/\/ipesco-scr.infd.edu.ar\/sitio\/wp-content\/uploads\/2023\/11\/PI-04-HISTORIA-ARGENTINA-Y-LATINOAMERICANA-2023.pdf\">PI-04-HISTORIA-ARGENTINA-Y-LATINOAMERICANA-2023<\/a><a href=\"https:\/\/ipesco-scr.infd.edu.ar\/sitio\/wp-content\/uploads\/2023\/11\/PI-04-HISTORIA-ARGENTINA-Y-LATINOAMERICANA-2023.pdf\" class=\"wp-block-file__button wp-element-button\" download aria-describedby=\"wp-block-file--media-79c8036c-4bfb-4f3f-ac8a-697ee754cd8b\">Descarga<\/a><\/div>\n\n\n\n<div class=\"wp-block-file\"><a id=\"wp-block-file--media-669297e7-2799-463d-8aec-80bd4d973f3b\" href=\"https:\/\/ipesco-scr.infd.edu.ar\/sitio\/wp-content\/uploads\/2023\/06\/PI-05-EL-SUJETO-DE-LA-EDUCACION-2023.pdf\">PI-05-EL-SUJETO-DE-LA-EDUCACION-2023<\/a><a href=\"https:\/\/ipesco-scr.infd.edu.ar\/sitio\/wp-content\/uploads\/2023\/06\/PI-05-EL-SUJETO-DE-LA-EDUCACION-2023.pdf\" class=\"wp-block-file__button wp-element-button\" download aria-describedby=\"wp-block-file--media-669297e7-2799-463d-8aec-80bd4d973f3b\">Descarga<\/a><\/div>\n\n\n\n<div class=\"wp-block-file\"><a id=\"wp-block-file--media-26a0cbfc-dd89-4f6b-b2e4-c315efba0146\" href=\"https:\/\/ipesco-scr.infd.edu.ar\/sitio\/wp-content\/uploads\/2023\/06\/PI-06-PRACTICAS-DISCURSIVAS-DE-LA-ORALIDAD-I-2023.pdf\">PI-06-PRACTICAS-DISCURSIVAS-DE-LA-ORALIDAD-I-2023<\/a><a href=\"https:\/\/ipesco-scr.infd.edu.ar\/sitio\/wp-content\/uploads\/2023\/06\/PI-06-PRACTICAS-DISCURSIVAS-DE-LA-ORALIDAD-I-2023.pdf\" class=\"wp-block-file__button wp-element-button\" download aria-describedby=\"wp-block-file--media-26a0cbfc-dd89-4f6b-b2e4-c315efba0146\">Descarga<\/a><\/div>\n\n\n\n<div class=\"wp-block-file\"><a id=\"wp-block-file--media-042d174c-39b7-4d3f-a5a3-685c6a09ff3f\" href=\"https:\/\/ipesco-scr.infd.edu.ar\/sitio\/wp-content\/uploads\/2023\/06\/PI-07-PRACTICAS-DISCURSIVAS-DE-LA-ESCRITURA-I-2023.pdf\">PI-07-PRACTICAS-DISCURSIVAS-DE-LA-ESCRITURA-I-2023<\/a><a href=\"https:\/\/ipesco-scr.infd.edu.ar\/sitio\/wp-content\/uploads\/2023\/06\/PI-07-PRACTICAS-DISCURSIVAS-DE-LA-ESCRITURA-I-2023.pdf\" class=\"wp-block-file__button wp-element-button\" download aria-describedby=\"wp-block-file--media-042d174c-39b7-4d3f-a5a3-685c6a09ff3f\">Descarga<\/a><\/div>\n\n\n\n<div class=\"wp-block-file\"><a id=\"wp-block-file--media-1b9d3865-b350-4611-a2d6-a185d23e61b3\" href=\"https:\/\/ipesco-scr.infd.edu.ar\/sitio\/wp-content\/uploads\/2023\/06\/PI-08-PRACTICA-PEDAGOGICA-I-2023.pdf\">PI-08-PRACTICA-PEDAGOGICA-I-2023<\/a><a href=\"https:\/\/ipesco-scr.infd.edu.ar\/sitio\/wp-content\/uploads\/2023\/06\/PI-08-PRACTICA-PEDAGOGICA-I-2023.pdf\" class=\"wp-block-file__button wp-element-button\" download aria-describedby=\"wp-block-file--media-1b9d3865-b350-4611-a2d6-a185d23e61b3\">Descarga<\/a><\/div>\n\n\n\n<p><\/p>\n\n\n\n<p><strong>2do a\u00f1o<\/strong><\/p>\n\n\n\n<div class=\"wp-block-file\"><a id=\"wp-block-file--media-e8af2403-9663-44e6-ace1-920476ff9353\" href=\"https:\/\/ipesco-scr.infd.edu.ar\/sitio\/wp-content\/uploads\/2023\/06\/PI-09-PSICOLOGIA-EDUCACIONAL-2023.pdf\">PI-09-PSICOLOGIA-EDUCACIONAL-2023<\/a><a href=\"https:\/\/ipesco-scr.infd.edu.ar\/sitio\/wp-content\/uploads\/2023\/06\/PI-09-PSICOLOGIA-EDUCACIONAL-2023.pdf\" class=\"wp-block-file__button wp-element-button\" download aria-describedby=\"wp-block-file--media-e8af2403-9663-44e6-ace1-920476ff9353\">Descarga<\/a><\/div>\n\n\n\n<div class=\"wp-block-file\"><a id=\"wp-block-file--media-cd9fd9b6-f4bc-4b0f-877f-ad8a9fdce2ff\" href=\"https:\/\/ipesco-scr.infd.edu.ar\/sitio\/wp-content\/uploads\/2023\/11\/PI-10-HISTORIA-Y-POLITICA-DE-LA-EDUCACION-ARGENTINA-2023.doc\">PI-10-HISTORIA-Y-POLITICA-DE-LA-EDUCACION-ARGENTINA-2023<\/a><a href=\"https:\/\/ipesco-scr.infd.edu.ar\/sitio\/wp-content\/uploads\/2023\/11\/PI-10-HISTORIA-Y-POLITICA-DE-LA-EDUCACION-ARGENTINA-2023.doc\" class=\"wp-block-file__button wp-element-button\" download aria-describedby=\"wp-block-file--media-cd9fd9b6-f4bc-4b0f-877f-ad8a9fdce2ff\">Descarga<\/a><\/div>\n\n\n\n<div class=\"wp-block-file\"><a id=\"wp-block-file--media-2d130fb2-ae15-4cf9-83e6-91e35f4ee36b\" href=\"https:\/\/ipesco-scr.infd.edu.ar\/sitio\/wp-content\/uploads\/2023\/06\/PI-11-EDI-PRODUCCION-DE-TEXOS-ACADEMICOS-2023.pdf\">PI-11-EDI-PRODUCCION-DE-TEXOS-ACADEMICOS-2023<\/a><a href=\"https:\/\/ipesco-scr.infd.edu.ar\/sitio\/wp-content\/uploads\/2023\/06\/PI-11-EDI-PRODUCCION-DE-TEXOS-ACADEMICOS-2023.pdf\" class=\"wp-block-file__button wp-element-button\" download aria-describedby=\"wp-block-file--media-2d130fb2-ae15-4cf9-83e6-91e35f4ee36b\">Descarga<\/a><\/div>\n\n\n\n<div class=\"wp-block-file\"><a id=\"wp-block-file--media-aa9ea198-fdfd-4a5e-b525-5f356bbb332f\" href=\"https:\/\/ipesco-scr.infd.edu.ar\/sitio\/wp-content\/uploads\/2023\/11\/PI-12-PEDAGOGIA-2023.pdf\">PI-12-PEDAGOGIA-2023<\/a><a href=\"https:\/\/ipesco-scr.infd.edu.ar\/sitio\/wp-content\/uploads\/2023\/11\/PI-12-PEDAGOGIA-2023.pdf\" class=\"wp-block-file__button wp-element-button\" download aria-describedby=\"wp-block-file--media-aa9ea198-fdfd-4a5e-b525-5f356bbb332f\">Descarga<\/a><\/div>\n\n\n\n<div class=\"wp-block-file\"><a id=\"wp-block-file--media-8b98e876-e8ff-48b2-8d73-094dbc5fb5b5\" href=\"https:\/\/ipesco-scr.infd.edu.ar\/sitio\/wp-content\/uploads\/2023\/06\/PI-13-DIDACTICA-DE-LA-LENGUA-INGLESA-I-2023.pdf\">PI-13-DIDACTICA-DE-LA-LENGUA-INGLESA-I-2023<\/a><a href=\"https:\/\/ipesco-scr.infd.edu.ar\/sitio\/wp-content\/uploads\/2023\/06\/PI-13-DIDACTICA-DE-LA-LENGUA-INGLESA-I-2023.pdf\" class=\"wp-block-file__button wp-element-button\" download aria-describedby=\"wp-block-file--media-8b98e876-e8ff-48b2-8d73-094dbc5fb5b5\">Descarga<\/a><\/div>\n\n\n\n<div class=\"wp-block-file\"><a id=\"wp-block-file--media-e4fd90e6-c3ed-434b-b2e7-ec5681aaeb47\" href=\"https:\/\/ipesco-scr.infd.edu.ar\/sitio\/wp-content\/uploads\/2023\/06\/PI-14-PRACTICAS-DISCURSIVAS-DE-LA-ORALIDAD-II-2023.pdf\">PI-14-PRACTICAS-DISCURSIVAS-DE-LA-ORALIDAD-II-2023<\/a><a href=\"https:\/\/ipesco-scr.infd.edu.ar\/sitio\/wp-content\/uploads\/2023\/06\/PI-14-PRACTICAS-DISCURSIVAS-DE-LA-ORALIDAD-II-2023.pdf\" class=\"wp-block-file__button wp-element-button\" download aria-describedby=\"wp-block-file--media-e4fd90e6-c3ed-434b-b2e7-ec5681aaeb47\">Descarga<\/a><\/div>\n\n\n\n<div class=\"wp-block-file\"><a id=\"wp-block-file--media-032735fc-8bbf-449d-b335-7b3ff434522e\" href=\"https:\/\/ipesco-scr.infd.edu.ar\/sitio\/wp-content\/uploads\/2023\/06\/PI-15-PRACTICAS-DISCURSIVAS-DE-LA-ESCRITURA-II-2023.pdf\">PI-15-PRACTICAS-DISCURSIVAS-DE-LA-ESCRITURA-II-2023<\/a><a href=\"https:\/\/ipesco-scr.infd.edu.ar\/sitio\/wp-content\/uploads\/2023\/06\/PI-15-PRACTICAS-DISCURSIVAS-DE-LA-ESCRITURA-II-2023.pdf\" class=\"wp-block-file__button wp-element-button\" download aria-describedby=\"wp-block-file--media-032735fc-8bbf-449d-b335-7b3ff434522e\">Descarga<\/a><\/div>\n\n\n\n<div class=\"wp-block-file\"><a id=\"wp-block-file--media-696b8de8-0300-4665-b966-40ff75384fd7\" href=\"https:\/\/ipesco-scr.infd.edu.ar\/sitio\/wp-content\/uploads\/2023\/06\/PI-16-PRACTICA-PEDAGOGICA-II-2023.pdf\">PI-16-PRACTICA-PEDAGOGICA-II-2023<\/a><a href=\"https:\/\/ipesco-scr.infd.edu.ar\/sitio\/wp-content\/uploads\/2023\/06\/PI-16-PRACTICA-PEDAGOGICA-II-2023.pdf\" class=\"wp-block-file__button wp-element-button\" download aria-describedby=\"wp-block-file--media-696b8de8-0300-4665-b966-40ff75384fd7\">Descarga<\/a><\/div>\n\n\n\n<p><\/p>\n\n\n\n<p><strong>3er a\u00f1o<\/strong><\/p>\n\n\n\n<div class=\"wp-block-file\"><a id=\"wp-block-file--media-59c05f7e-29de-455c-91d7-96db838c40d1\" href=\"https:\/\/ipesco-scr.infd.edu.ar\/sitio\/wp-content\/uploads\/2023\/06\/PI-17-FEC-2023.pdf\">PI-17-FEC-2023<\/a><a href=\"https:\/\/ipesco-scr.infd.edu.ar\/sitio\/wp-content\/uploads\/2023\/06\/PI-17-FEC-2023.pdf\" class=\"wp-block-file__button wp-element-button\" download aria-describedby=\"wp-block-file--media-59c05f7e-29de-455c-91d7-96db838c40d1\">Descarga<\/a><\/div>\n\n\n\n<div class=\"wp-block-file\"><a id=\"wp-block-file--media-f74beaab-d3e4-4c50-86fc-ddd3ea7e9dad\" href=\"https:\/\/ipesco-scr.infd.edu.ar\/sitio\/wp-content\/uploads\/2023\/11\/PI-18-ESI-2023.pdf\">PI-18-ESI-2023<\/a><a href=\"https:\/\/ipesco-scr.infd.edu.ar\/sitio\/wp-content\/uploads\/2023\/11\/PI-18-ESI-2023.pdf\" class=\"wp-block-file__button wp-element-button\" download aria-describedby=\"wp-block-file--media-f74beaab-d3e4-4c50-86fc-ddd3ea7e9dad\">Descarga<\/a><\/div>\n\n\n\n<div class=\"wp-block-file\"><a id=\"wp-block-file--media-d5773e9c-784f-48a2-a97b-d31b2c4c7b63\" href=\"https:\/\/ipesco-scr.infd.edu.ar\/sitio\/wp-content\/uploads\/2023\/06\/PI-19-EDUCACION-INCLUSIVA-2023.pdf\">PI-19-EDUCACION-INCLUSIVA-2023<\/a><a href=\"https:\/\/ipesco-scr.infd.edu.ar\/sitio\/wp-content\/uploads\/2023\/06\/PI-19-EDUCACION-INCLUSIVA-2023.pdf\" class=\"wp-block-file__button wp-element-button\" download aria-describedby=\"wp-block-file--media-d5773e9c-784f-48a2-a97b-d31b2c4c7b63\">Descarga<\/a><\/div>\n\n\n\n<div class=\"wp-block-file\"><a id=\"wp-block-file--media-4b87cdb7-b03c-49dc-a76f-57de4d3c21c6\" href=\"https:\/\/ipesco-scr.infd.edu.ar\/sitio\/wp-content\/uploads\/2023\/06\/PI-20-CULTURA-INGLESA-I-2023.pdf\">PI-20-CULTURA-INGLESA-I-2023<\/a><a href=\"https:\/\/ipesco-scr.infd.edu.ar\/sitio\/wp-content\/uploads\/2023\/06\/PI-20-CULTURA-INGLESA-I-2023.pdf\" class=\"wp-block-file__button wp-element-button\" download aria-describedby=\"wp-block-file--media-4b87cdb7-b03c-49dc-a76f-57de4d3c21c6\">Descarga<\/a><\/div>\n\n\n\n<div class=\"wp-block-file\"><a id=\"wp-block-file--media-58c3fdca-6550-46a8-a1bc-a124f257d94a\" href=\"https:\/\/ipesco-scr.infd.edu.ar\/sitio\/wp-content\/uploads\/2023\/06\/PI-21-DIDACTICA-DE-LA-LENGUA-INGLESA-II-2023.pdf\">PI-21-DIDACTICA-DE-LA-LENGUA-INGLESA-II-2023<\/a><a href=\"https:\/\/ipesco-scr.infd.edu.ar\/sitio\/wp-content\/uploads\/2023\/06\/PI-21-DIDACTICA-DE-LA-LENGUA-INGLESA-II-2023.pdf\" class=\"wp-block-file__button wp-element-button\" download aria-describedby=\"wp-block-file--media-58c3fdca-6550-46a8-a1bc-a124f257d94a\">Descarga<\/a><\/div>\n\n\n\n<div class=\"wp-block-file\"><a id=\"wp-block-file--media-415e402f-49c2-4e02-8537-62c3d2ba955e\" href=\"https:\/\/ipesco-scr.infd.edu.ar\/sitio\/wp-content\/uploads\/2023\/11\/PI-22-PRACTICAS-DISCURSIVAS-DE-LA-ORALIDAD-III-2023.pdf\">PI-22-PRACTICAS-DISCURSIVAS-DE-LA-ORALIDAD-III-2023<\/a><a href=\"https:\/\/ipesco-scr.infd.edu.ar\/sitio\/wp-content\/uploads\/2023\/11\/PI-22-PRACTICAS-DISCURSIVAS-DE-LA-ORALIDAD-III-2023.pdf\" class=\"wp-block-file__button wp-element-button\" download aria-describedby=\"wp-block-file--media-415e402f-49c2-4e02-8537-62c3d2ba955e\">Descarga<\/a><\/div>\n\n\n\n<div class=\"wp-block-file\"><a id=\"wp-block-file--media-18695fe5-e353-4f36-8ea5-31e7f9b8bd0c\" href=\"https:\/\/ipesco-scr.infd.edu.ar\/sitio\/wp-content\/uploads\/2023\/06\/PI-23-PRACTICAS-DISCURSIVAS-DE-LA-ESCRITURA-III-2023.pdf\">PI-23-PRACTICAS-DISCURSIVAS-DE-LA-ESCRITURA-III-2023<\/a><a href=\"https:\/\/ipesco-scr.infd.edu.ar\/sitio\/wp-content\/uploads\/2023\/06\/PI-23-PRACTICAS-DISCURSIVAS-DE-LA-ESCRITURA-III-2023.pdf\" class=\"wp-block-file__button wp-element-button\" download aria-describedby=\"wp-block-file--media-18695fe5-e353-4f36-8ea5-31e7f9b8bd0c\">Descarga<\/a><\/div>\n\n\n\n<div class=\"wp-block-file\"><a id=\"wp-block-file--media-0c469740-6f9a-485a-99dd-1caf420550a5\" href=\"https:\/\/ipesco-scr.infd.edu.ar\/sitio\/wp-content\/uploads\/2023\/06\/PI-24-PRACTICA-PEDAGOGICA-III-2023.pdf\">PI-24-PRACTICA-PEDAGOGICA-III-2023<\/a><a href=\"https:\/\/ipesco-scr.infd.edu.ar\/sitio\/wp-content\/uploads\/2023\/06\/PI-24-PRACTICA-PEDAGOGICA-III-2023.pdf\" class=\"wp-block-file__button wp-element-button\" download aria-describedby=\"wp-block-file--media-0c469740-6f9a-485a-99dd-1caf420550a5\">Descarga<\/a><\/div>\n","protected":false},"excerpt":{"rendered":"<p>Profesorado de Ingl\u00e9s Res. Plan N\u00b0 0658\/21 1er a\u00f1o 2do a\u00f1o 3er a\u00f1o<\/p>\n","protected":false},"author":4211,"featured_media":0,"parent":0,"menu_order":0,"comment_status":"closed","ping_status":"closed","template":"","meta":[],"acf":[],"_links":{"self":[{"href":"https:\/\/ipesco-scr.infd.edu.ar\/sitio\/wp-json\/wp\/v2\/pages\/6871"}],"collection":[{"href":"https:\/\/ipesco-scr.infd.edu.ar\/sitio\/wp-json\/wp\/v2\/pages"}],"about":[{"href":"https:\/\/ipesco-scr.infd.edu.ar\/sitio\/wp-json\/wp\/v2\/types\/page"}],"author":[{"embeddable":true,"href":"https:\/\/ipesco-scr.infd.edu.ar\/sitio\/wp-json\/wp\/v2\/users\/4211"}],"replies":[{"embeddable":true,"href":"https:\/\/ipesco-scr.infd.edu.ar\/sitio\/wp-json\/wp\/v2\/comments?post=6871"}],"version-history":[{"count":4,"href":"https:\/\/ipesco-scr.infd.edu.ar\/sitio\/wp-json\/wp\/v2\/pages\/6871\/revisions"}],"predecessor-version":[{"id":7153,"href":"https:\/\/ipesco-scr.infd.edu.ar\/sitio\/wp-json\/wp\/v2\/pages\/6871\/revisions\/7153"}],"wp:attachment":[{"href":"https:\/\/ipesco-scr.infd.edu.ar\/sitio\/wp-json\/wp\/v2\/media?parent=6871"}],"curies":[{"name":"wp","href":"https:\/\/api.w.org\/{rel}","templated":true}]}}